[Mon Jun 15 20:15:09.147123 2026] [security2:error] [pid 51003:tid 51097] [remote 43.172.198.118:0] ModSecurity: Warning. Pattern match "301|404|302" at RESPONSE_STATUS. [file "/opt/mod_security/hg_rules.conf"] [line "1570"] [id "900934"] [msg "404 php LOGGING"] [data "404"] [hostname "mywordsnthoughts.com"] [uri "/index.php"] [unique_id "ajCxrMpsKyvb75pkSvZ64wACBl0"], referer: https://mywordsnthoughts.com/top-5-bollywood-stars-who-made-successful-transition-from-television-to-big-screen/
[Mon Jun 15 20:15:09.234546 2026] [security2:error] [pid 51003:tid 51173] [client 43.172.194.4:0] ModSecurity: Warning. Pattern match "301|404|302" at RESPONSE_STATUS. [file "/opt/mod_security/hg_rules.conf"] [line "1570"] [id "900934"] [msg "404 php LOGGING"] [data "404"] [hostname "mywordsnthoughts.com"] [uri "/index.php"] [unique_id "ajCxrMpsKyvb75pkSvZ65gABtzc"], referer: https://mywordsnthoughts.com/top-5-bollywood-stars-who-made-successful-transition-from-television-to-big-screen/
[Mon Jun 15 20:15:09.797309 2026] [security2:error] [pid 51003:tid 51068] [remote 74.7.242.32:47042] ModSecurity: Access denied with code 409 (phase 1). RBL lookup of 32.242.7.74.vulnscan.websitewelcome.com succeeded at REMOTE_ADDR. [file "/opt/mod_security/hg_rules.conf"] [line "1566"] [id "900933"] [msg "Vulnerability Scan RBL: vulnscan.websitewelcome.com"] [hostname "my-eyezzy.webiknows.net"] [uri "/vendor/magnific-popup/vendor/magnific-popup/images/main-banner/images/testimonials/css/images/testimonials/js/main-banner/shap/doctor/index.php"] [unique_id "ajCxrcpsKyvb75pkSvZ7MgAB5UA"], referer: https://my-eyezzy.webiknows.net/vendor/magnific-popup/vendor/magnific-popup/images/main-banner/images/testimonials/css/images/testimonials/js/main-banner/shap/circle-orange-2.png
[Mon Jun 15 20:15:09.828768 2026] [security2:error] [pid 51003:tid 51152] [client 213.180.203.161:0] ModSecurity: Warning. Pattern match "301|404|302" at RESPONSE_STATUS. [file "/opt/mod_security/hg_rules.conf"] [line "1570"] [id "900934"] [msg "404 php LOGGING"] [data "302"] [hostname "demo.nxtal.com"] [uri "/ps/adminps/index.php/security/compromised"] [unique_id "ajCxrcpsKyvb75pkSvZ7MQAAAaI"]
[Mon Jun 15 20:15:09.831459 2026] [security2:error] [pid 51003:tid 51141] [client 213.180.203.161:45530] ModSecurity: Warning. Pattern match "301|404|302" at RESPONSE_STATUS. [file "/opt/mod_security/hg_rules.conf"] [line "1570"] [id "900934"] [msg "404 php LOGGING"] [data "302"] [hostname "demo.nxtal.com"] [uri "/ps/adminps/index.php/security/compromised"] [unique_id "ajCxrcpsKyvb75pkSvZ7LQABlzY"]
[Mon Jun 15 20:15:09.990494 2026] [security2:error] [pid 51003:tid 51023] [remote 57.141.14.51:24986] ModSecurity: Warning. Pattern match "301|404|302" at RESPONSE_STATUS. [file "/opt/mod_security/hg_rules.conf"] [line "1570"] [id "900934"] [msg "404 php LOGGING"] [data "404"] [hostname "koyeldasguptanaha.com"] [uri "/index.php"] [unique_id "ajCxrcpsKyvb75pkSvZ7TAABtRM"]
[Mon Jun 15 20:15:10.006509 2026] [security2:error] [pid 51003:tid 51210] [client 192.140.64.94:29923] ModSecurity: Access denied with code 406 (phase 2). Operator GT matched 0 at USER:bf_block. [file "/opt/mod_security/hg_rules.conf"] [line "1482"] [id "909121"] [msg "IP address blocked, too many xmlrpc.php failures"] [hostname "pepperic.com"] [uri "/xmlrpc.php"] [unique_id "ajCxrspsKyvb75pkSvZ7UAAAAdw"]
[Mon Jun 15 20:15:10.009073 2026] [security2:error] [pid 51003:tid 51210] [client 192.140.64.94:29923] ModSecurity: Warning. Pattern match "POST" at REQUEST_METHOD. [file "/opt/mod_security/hg_rules.conf"] [line "151"] [id "900405"] [msg "xmlrpc POST logging"] [data "406"] [hostname "pepperic.com"] [uri "/xmlrpc.php"] [unique_id "ajCxrspsKyvb75pkSvZ7UAAAAdw"]
[Mon Jun 15 20:15:10.311022 2026] [security2:error] [pid 51003:tid 51218] [client 213.180.203.5:0] ModSecurity: Warning. Pattern match "301|404|302" at RESPONSE_STATUS. [file "/opt/mod_security/hg_rules.conf"] [line "1570"] [id "900934"] [msg "404 php LOGGING"] [data "302"] [hostname "demo.nxtal.com"] [uri "/ps/adminps/index.php/security/compromised"] [unique_id "ajCxrspsKyvb75pkSvZ7WgAAAeQ"]
[Mon Jun 15 20:15:10.311039 2026] [security2:error] [pid 51003:tid 51254] [client 87.250.224.229:0] ModSecurity: Warning. Pattern match "301|404|302" at RESPONSE_STATUS. [file "/opt/mod_security/hg_rules.conf"] [line "1570"] [id "900934"] [msg "404 php LOGGING"] [data "302"] [hostname "demo.nxtal.com"] [uri "/ps/adminps/index.php/security/compromised"] [unique_id "ajCxrspsKyvb75pkSvZ7WQAAAgg"]
[Mon Jun 15 20:15:10.338915 2026] [security2:error] [pid 51003:tid 51154] [client 213.180.203.5:57286] ModSecurity: Warning. Pattern match "301|404|302" at RESPONSE_STATUS. [file "/opt/mod_security/hg_rules.conf"] [line "1570"] [id "900934"] [msg "404 php LOGGING"] [data "302"] [hostname "demo.nxtal.com"] [uri "/ps/adminps/index.php/security/compromised"] [unique_id "ajCxrspsKyvb75pkSvZ7VgABpCs"]
[Mon Jun 15 20:15:10.341892 2026] [security2:error] [pid 51003:tid 51168] [client 87.250.224.229:52268] ModSecurity: Warning. Pattern match "301|404|302" at RESPONSE_STATUS. [file "/opt/mod_security/hg_rules.conf"] [line "1570"] [id "900934"] [msg "404 php LOGGING"] [data "302"] [hostname "demo.nxtal.com"] [uri "/ps/adminps/index.php/security/compromised"] [unique_id "ajCxrspsKyvb75pkSvZ7VAABshU"]
[Mon Jun 15 20:15:10.493355 2026] [security2:error] [pid 51003:tid 51190] [client 45.84.107.55:33695] ModSecurity: Warning. Pattern match "301|404|302" at RESPONSE_STATUS. [file "/opt/mod_security/hg_rules.conf"] [line "1570"] [id "900934"] [msg "404 php LOGGING"] [data "301"] [hostname "gamergreatness.com"] [uri "/index.php"] [unique_id "ajCxrspsKyvb75pkSvZ7WAAByFo"], referer: https://gamergreatness.com/comments/feed
[Mon Jun 15 20:15:10.861070 2026] [security2:error] [pid 51003:tid 51255] [client 162.214.80.21:34740] ModSecurity: Warning. Operator EQ matched 0 at REQUEST_HEADERS. [file "/opt/mod_security/hg_rules.conf"] [line "1573"] [id "900935"] [msg "Empty User-Agent LOGGING"] [data "200"] [hostname "talkmint.com"] [uri "/wp-content/uploads/2023/11/logo.png.webp"] [unique_id "ajCxrspsKyvb75pkSvZ7bQAAAgk"]
[Mon Jun 15 20:15:10.891016 2026] [security2:error] [pid 51003:tid 51251] [client 162.214.80.21:34746] ModSecurity: Warning. Operator EQ matched 0 at REQUEST_HEADERS. [file "/opt/mod_security/hg_rules.conf"] [line "1573"] [id "900935"] [msg "Empty User-Agent LOGGING"] [data "200"] [hostname "talkmint.com"] [uri "/wp-content/uploads/2023/11/footer-logo.png.webp"] [unique_id "ajCxrspsKyvb75pkSvZ7bwAAAgU"]
[Mon Jun 15 20:15:10.907960 2026] [security2:error] [pid 51003:tid 51233] [client 5.255.231.51:0] ModSecurity: Warning. Pattern match "301|404|302" at RESPONSE_STATUS. [file "/opt/mod_security/hg_rules.conf"] [line "1570"] [id "900934"] [msg "404 php LOGGING"] [data "302"] [hostname "demo.nxtal.com"] [uri "/ps/adminps/index.php/security/compromised"] [unique_id "ajCxrspsKyvb75pkSvZ7bgAAAfM"]
[Mon Jun 15 20:15:10.911385 2026] [security2:error] [pid 51003:tid 51039] [remote 104.155.29.73:0] ModSecurity: Access denied with code 409 (phase 1). RBL lookup of 73.29.155.104.testwprbl.websitewelcome.com succeeded at REMOTE_ADDR. [file "/opt/mod_security/hg_rules.conf"] [line "176"] [id "900407"] [msg "Wordpress and Joomla Brute RBL: testwprbl.websitewelcome.com"] [hostname "travelmax.in"] [uri "/wp-login.php"] [unique_id "ajCxrspsKyvb75pkSvZ7cAABoiM"]
[Mon Jun 15 20:15:10.945350 2026] [security2:error] [pid 51003:tid 51201] [client 35.243.183.146:17396] ModSecurity: Warning. Pattern match "301|404|302" at RESPONSE_STATUS. [file "/opt/mod_security/hg_rules.conf"] [line "1570"] [id "900934"] [msg "404 php LOGGING"] [data "404"] [hostname "talkmint.com"] [uri "/index.php"] [unique_id "ajCxrspsKyvb75pkSvZ7ZgAAAdM"]
[Mon Jun 15 20:15:10.948145 2026] [security2:error] [pid 51003:tid 51151] [client 5.255.231.51:35796] ModSecurity: Warning. Pattern match "301|404|302" at RESPONSE_STATUS. [file "/opt/mod_security/hg_rules.conf"] [line "1570"] [id "900934"] [msg "404 php LOGGING"] [data "302"] [hostname "demo.nxtal.com"] [uri "/ps/adminps/index.php/security/compromised"] [unique_id "ajCxrspsKyvb75pkSvZ7awABoXE"]
[Mon Jun 15 20:15:10.949313 2026] [security2:error] [pid 51003:tid 51034] [remote 43.173.174.239:0] ModSecurity: Access denied with code 409 (phase 1). RBL lookup of 239.174.173.43.vulnscan.websitewelcome.com succeeded at REMOTE_ADDR. [file "/opt/mod_security/hg_rules.conf"] [line "1566"] [id "900933"] [msg "Vulnerability Scan RBL: vulnscan.websitewelcome.com"] [hostname "mywordsnthoughts.com"] [uri "/wp-admin/admin-ajax.php"] [unique_id "ajCxrspsKyvb75pkSvZ7cgABzh4"], referer: https://mywordsnthoughts.com/top-5-bollywood-stars-who-made-successful-transition-from-television-to-big-screen/
[Mon Jun 15 20:15:10.998966 2026] [security2:error] [pid 51003:tid 51244] [client 112.201.136.103:0] ModSecurity: Warning. Pattern match "301|404|302" at RESPONSE_STATUS. [file "/opt/mod_security/hg_rules.conf"] [line "1570"] [id "900934"] [msg "404 php LOGGING"] [data "404"] [hostname "kthemani.com"] [uri "/index.php"] [unique_id "ajCxrcpsKyvb75pkSvZ7FQAAAf4"]
[Mon Jun 15 20:15:11.112187 2026] [security2:error] [pid 51003:tid 51005] [remote 104.155.29.73:0] ModSecurity: Access denied with code 409 (phase 1). RBL lookup of 73.29.155.104.testwprbl.websitewelcome.com succeeded at REMOTE_ADDR. [file "/opt/mod_security/hg_rules.conf"] [line "176"] [id "900407"] [msg "Wordpress and Joomla Brute RBL: testwprbl.websitewelcome.com"] [hostname "travelmax.in"] [uri "/wp-login.php"] [unique_id "ajCxr8psKyvb75pkSvZ7fQACCgE"], referer: https://travelmax.in/wp-login.php
[Mon Jun 15 20:15:11.326156 2026] [security2:error] [pid 51003:tid 51182] [client 213.180.203.103:0] ModSecurity: Warning. Pattern match "301|404|302" at RESPONSE_STATUS. [file "/opt/mod_security/hg_rules.conf"] [line "1570"] [id "900934"] [msg "404 php LOGGING"] [data "302"] [hostname "demo.nxtal.com"] [uri "/ps/adminps/index.php/security/compromised"] [unique_id "ajCxr8psKyvb75pkSvZ7hwAAAcA"]
[Mon Jun 15 20:15:11.330903 2026] [security2:error] [pid 51003:tid 51250] [client 213.180.203.103:39990] ModSecurity: Warning. Pattern match "301|404|302" at RESPONSE_STATUS. [file "/opt/mod_security/hg_rules.conf"] [line "1570"] [id "900934"] [msg "404 php LOGGING"] [data "302"] [hostname "demo.nxtal.com"] [uri "/ps/adminps/index.php/security/compromised"] [unique_id "ajCxr8psKyvb75pkSvZ7hAACBAw"]
[Mon Jun 15 20:15:11.482415 2026] [security2:error] [pid 51003:tid 51190] [client 57.141.14.60:56914] ModSecurity: Warning. Pattern match "301|404|302" at RESPONSE_STATUS. [file "/opt/mod_security/hg_rules.conf"] [line "1570"] [id "900934"] [msg "404 php LOGGING"] [data "404"] [hostname "koyeldasguptanaha.com"] [uri "/index.php"] [unique_id "ajCxr8psKyvb75pkSvZ7iwAByH0"]
[Mon Jun 15 20:15:11.930826 2026] [security2:error] [pid 51003:tid 51193] [client 95.108.213.189:0] ModSecurity: Warning. Pattern match "301|404|302" at RESPONSE_STATUS. [file "/opt/mod_security/hg_rules.conf"] [line "1570"] [id "900934"] [msg "404 php LOGGING"] [data "302"] [hostname "demo.nxtal.com"] [uri "/ps/adminps/index.php/security/compromised"] [unique_id "ajCxr8psKyvb75pkSvZ7oAAAAcs"]
[Mon Jun 15 20:15:11.937636 2026] [security2:error] [pid 51003:tid 51141] [client 95.108.213.189:63548] ModSecurity: Warning. Pattern match "301|404|302" at RESPONSE_STATUS. [file "/opt/mod_security/hg_rules.conf"] [line "1570"] [id "900934"] [msg "404 php LOGGING"] [data "302"] [hostname "demo.nxtal.com"] [uri "/ps/adminps/index.php/security/compromised"] [unique_id "ajCxr8psKyvb75pkSvZ7nAABlwA"]
[Mon Jun 15 20:15:12.208665 2026] [security2:error] [pid 51003:tid 51244] [client 112.86.225.17:40608] ModSecurity: Access denied with code 406 (phase 1). Pattern match "ZoominfoBot|NetcraftSurveyAgent|MJ12bot|(?i:BUbiNG)|D(?i:otbot)| oBot/|MegaIndex\\\\.ru|Barkrowler|Spbot|DomainCrawler|Seznam|CCBot|SiteExplorer|OpenLinkProfiler|Sogou web spider|360Spider|Semrush|Panscient|crawler\\\\.feedback([+]\\\\S+)?@gmail\\\\.com|MauiBo ..." at REQUEST_HEADERS:user-agent. [file "/opt/mod_security/hg_rules.conf"] [line "585"] [id "999812"] [msg "Problematic Crawler"] [hostname "www.diggysguide.com"] [uri "/terra/dry-waterhole"] [unique_id "ajCxsMpsKyvb75pkSvZ7rgAAAf4"]
[Mon Jun 15 20:15:12.208753 2026] [security2:error] [pid 51003:tid 51244] [client 112.86.225.17:40608] ModSecurity: Warning. Matched phrase "Sogou web spider" at REQUEST_HEADERS:user-agent. [file "/opt/mod_security/hg_rules.conf"] [line "168"] [id "350001"] [msg "BAD BOT - Detected LOGGING"] [data "406"] [hostname "www.diggysguide.com"] [uri "/terra/dry-waterhole"] [unique_id "ajCxsMpsKyvb75pkSvZ7rgAAAf4"]
[Mon Jun 15 20:15:12.384123 2026] [security2:error] [pid 51003:tid 51250] [client 213.180.203.250:0] ModSecurity: Warning. Pattern match "301|404|302" at RESPONSE_STATUS. [file "/opt/mod_security/hg_rules.conf"] [line "1570"] [id "900934"] [msg "404 php LOGGING"] [data "302"] [hostname "demo.nxtal.com"] [uri "/ps/adminps/index.php/security/compromised"] [unique_id "ajCxsMpsKyvb75pkSvZ7tAAAAgQ"]
[Mon Jun 15 20:15:12.393612 2026] [security2:error] [pid 51003:tid 51252] [client 213.180.203.250:57328] ModSecurity: Warning. Pattern match "301|404|302" at RESPONSE_STATUS. [file "/opt/mod_security/hg_rules.conf"] [line "1570"] [id "900934"] [msg "404 php LOGGING"] [data "302"] [hostname "demo.nxtal.com"] [uri "/ps/adminps/index.php/security/compromised"] [unique_id "ajCxsMpsKyvb75pkSvZ7sAACBjI"]
[Mon Jun 15 20:15:12.413884 2026] [security2:error] [pid 51003:tid 51176] [client 95.108.213.191:0] ModSecurity: Warning. Pattern match "301|404|302" at RESPONSE_STATUS. [file "/opt/mod_security/hg_rules.conf"] [line "1570"] [id "900934"] [msg "404 php LOGGING"] [data "302"] [hostname "demo.nxtal.com"] [uri "/ps/adminps/index.php/security/compromised"] [unique_id "ajCxsMpsKyvb75pkSvZ7tQAAAbo"]
[Mon Jun 15 20:15:12.421451 2026] [security2:error] [pid 51003:tid 51163] [client 95.108.213.191:56892] ModSecurity: Warning. Pattern match "301|404|302" at RESPONSE_STATUS. [file "/opt/mod_security/hg_rules.conf"] [line "1570"] [id "900934"] [msg "404 php LOGGING"] [data "302"] [hostname "demo.nxtal.com"] [uri "/ps/adminps/index.php/security/compromised"] [unique_id "ajCxsMpsKyvb75pkSvZ7sQABrWg"]
[Mon Jun 15 20:15:12.517362 2026] [security2:error] [pid 51003:tid 51064] [remote 184.107.244.93:50480] ModSecurity: Access denied with code 409 (phase 1). RBL lookup of 93.244.107.184.testwprbl.websitewelcome.com succeeded at REMOTE_ADDR. [file "/opt/mod_security/hg_rules.conf"] [line "176"] [id "900407"] [msg "Wordpress and Joomla Brute RBL: testwprbl.websitewelcome.com"] [hostname "cricketrings.com"] [uri "/wp-login.php"] [unique_id "ajCxsMpsKyvb75pkSvZ7uQABnjw"]
[Mon Jun 15 20:15:12.683556 2026] [security2:error] [pid 51003:tid 51067] [remote 184.107.244.93:50480] ModSecurity: Access denied with code 409 (phase 1). RBL lookup of 93.244.107.184.testwprbl.websitewelcome.com succeeded at REMOTE_ADDR. [file "/opt/mod_security/hg_rules.conf"] [line "176"] [id "900407"] [msg "Wordpress and Joomla Brute RBL: testwprbl.websitewelcome.com"] [hostname "cricketrings.com"] [uri "/wp-login.php"] [unique_id "ajCxsMpsKyvb75pkSvZ7xAABtj8"], referer: https://cricketrings.com/wp-login.php
[Mon Jun 15 20:15:12.735209 2026] [rewrite:error] [pid 51003:tid 51219] [client 47.79.199.108:42408] AH10411: Rewritten query string contains control characters or spaces
[Mon Jun 15 20:15:12.818221 2026] [security2:error] [pid 51003:tid 51165] [client 45.84.107.55:33711] ModSecurity: Warning. Pattern match "301|404|302" at RESPONSE_STATUS. [file "/opt/mod_security/hg_rules.conf"] [line "1570"] [id "900934"] [msg "404 php LOGGING"] [data "301"] [hostname "gamergreatness.com"] [uri "/index.php"] [unique_id "ajCxsMpsKyvb75pkSvZ7wQABr0I"], referer: https://gamergreatness.com/community
[Mon Jun 15 20:15:12.972709 2026] [security2:error] [pid 51003:tid 51227] [client 87.250.224.34:0] ModSecurity: Warning. Pattern match "301|404|302" at RESPONSE_STATUS. [file "/opt/mod_security/hg_rules.conf"] [line "1570"] [id "900934"] [msg "404 php LOGGING"] [data "302"] [hostname "demo.nxtal.com"] [uri "/ps/adminps/index.php/security/compromised"] [unique_id "ajCxsMpsKyvb75pkSvZ71AAAAe0"]
[Mon Jun 15 20:15:12.979809 2026] [security2:error] [pid 51003:tid 51214] [client 87.250.224.34:33084] ModSecurity: Warning. Pattern match "301|404|302" at RESPONSE_STATUS. [file "/opt/mod_security/hg_rules.conf"] [line "1570"] [id "900934"] [msg "404 php LOGGING"] [data "302"] [hostname "demo.nxtal.com"] [uri "/ps/adminps/index.php/security/compromised"] [unique_id "ajCxsMpsKyvb75pkSvZ70AAB4GM"]
[Mon Jun 15 20:15:13.076550 2026] [security2:error] [pid 51003:tid 51158] [client 57.141.14.63:56162] ModSecurity: Warning. Pattern match "301|404|302" at RESPONSE_STATUS. [file "/opt/mod_security/hg_rules.conf"] [line "1570"] [id "900934"] [msg "404 php LOGGING"] [data "404"] [hostname "koyeldasguptanaha.com"] [uri "/index.php"] [unique_id "ajCxsMpsKyvb75pkSvZ71QABqHs"]
[Mon Jun 15 20:15:13.213400 2026] [rewrite:error] [pid 51003:tid 51164] [client 47.79.199.108:42408] AH10411: Rewritten query string contains control characters or spaces
[Mon Jun 15 20:15:13.385842 2026] [security2:error] [pid 51003:tid 51119] [remote 31.220.84.188:60496] ModSecurity: Access denied with code 409 (phase 1). RBL lookup of 188.84.220.31.testwprbl.websitewelcome.com succeeded at REMOTE_ADDR. [file "/opt/mod_security/hg_rules.conf"] [line "176"] [id "900407"] [msg "Wordpress and Joomla Brute RBL: testwprbl.websitewelcome.com"] [hostname "tcspune.in"] [uri "/wp-login.php"] [unique_id "ajCxscpsKyvb75pkSvZ75AABqXM"]
[Mon Jun 15 20:15:13.475397 2026] [security2:error] [pid 51003:tid 51168] [client 95.108.213.223:0] ModSecurity: Warning. Pattern match "301|404|302" at RESPONSE_STATUS. [file "/opt/mod_security/hg_rules.conf"] [line "1570"] [id "900934"] [msg "404 php LOGGING"] [data "302"] [hostname "demo.nxtal.com"] [uri "/ps/adminps/index.php/security/compromised"] [unique_id "ajCxscpsKyvb75pkSvZ76AAAAbI"]
[Mon Jun 15 20:15:13.478543 2026] [security2:error] [pid 51003:tid 51149] [client 95.108.213.223:33182] ModSecurity: Warning. Pattern match "301|404|302" at RESPONSE_STATUS. [file "/opt/mod_security/hg_rules.conf"] [line "1570"] [id "900934"] [msg "404 php LOGGING"] [data "302"] [hostname "demo.nxtal.com"] [uri "/ps/adminps/index.php/security/compromised"] [unique_id "ajCxscpsKyvb75pkSvZ75gABn3c"]
[Mon Jun 15 20:15:13.565215 2026] [security2:error] [pid 51003:tid 51101] [remote 31.220.84.188:60496] ModSecurity: Access denied with code 409 (phase 1). RBL lookup of 188.84.220.31.testwprbl.websitewelcome.com succeeded at REMOTE_ADDR. [file "/opt/mod_security/hg_rules.conf"] [line "176"] [id "900407"] [msg "Wordpress and Joomla Brute RBL: testwprbl.websitewelcome.com"] [hostname "tcspune.in"] [uri "/wp-login.php"] [unique_id "ajCxscpsKyvb75pkSvZ78AAB42E"], referer: https://tcspune.in/wp-login.php
[Mon Jun 15 20:15:14.036675 2026] [rewrite:error] [pid 51003:tid 51020] [remote 47.79.199.103:19834] AH10411: Rewritten query string contains control characters or spaces
[Mon Jun 15 20:15:14.241936 2026] [security2:error] [pid 51003:tid 51206] [client 95.108.213.192:0] ModSecurity: Warning. Pattern match "301|404|302" at RESPONSE_STATUS. [file "/opt/mod_security/hg_rules.conf"] [line "1570"] [id "900934"] [msg "404 php LOGGING"] [data "302"] [hostname "demo.nxtal.com"] [uri "/ps/adminps/index.php/security/compromised"] [unique_id "ajCxsspsKyvb75pkSvZ8AwAAAdg"]
[Mon Jun 15 20:15:14.249823 2026] [security2:error] [pid 51003:tid 51233] [client 95.108.213.192:35292] ModSecurity: Warning. Pattern match "301|404|302" at RESPONSE_STATUS. [file "/opt/mod_security/hg_rules.conf"] [line "1570"] [id "900934"] [msg "404 php LOGGING"] [data "302"] [hostname "demo.nxtal.com"] [uri "/ps/adminps/index.php/security/compromised"] [unique_id "ajCxscpsKyvb75pkSvZ7-AAB8zE"]
[Mon Jun 15 20:15:14.268809 2026] [security2:error] [pid 51003:tid 51173] [client 213.180.203.63:0] ModSecurity: Warning. Pattern match "301|404|302" at RESPONSE_STATUS. [file "/opt/mod_security/hg_rules.conf"] [line "1570"] [id "900934"] [msg "404 php LOGGING"] [data "302"] [hostname "demo.nxtal.com"] [uri "/ps/adminps/index.php/security/compromised"] [unique_id "ajCxsspsKyvb75pkSvZ8BAAAAbc"]
[Mon Jun 15 20:15:14.272472 2026] [security2:error] [pid 51003:tid 51259] [client 213.180.203.63:39154] ModSecurity: Warning. Pattern match "301|404|302" at RESPONSE_STATUS. [file "/opt/mod_security/hg_rules.conf"] [line "1570"] [id "900934"] [msg "404 php LOGGING"] [data "302"] [hostname "demo.nxtal.com"] [uri "/ps/adminps/index.php/security/compromised"] [unique_id "ajCxsspsKyvb75pkSvZ8AAACDWk"]
[Mon Jun 15 20:15:14.328406 2026] [rewrite:error] [pid 51003:tid 51075] [remote 47.79.199.103:19834] AH10411: Rewritten query string contains control characters or spaces
[Mon Jun 15 20:15:14.505814 2026] [security2:error] [pid 51003:tid 51145] [client 213.180.203.9:0] ModSecurity: Warning. Pattern match "301|404|302" at RESPONSE_STATUS. [file "/opt/mod_security/hg_rules.conf"] [line "1570"] [id "900934"] [msg "404 php LOGGING"] [data "302"] [hostname "demo.nxtal.com"] [uri "/ps/adminps/index.php/security/compromised"] [unique_id "ajCxsspsKyvb75pkSvZ8FQAAAZs"]
[Mon Jun 15 20:15:14.508851 2026] [security2:error] [pid 51003:tid 51138] [client 213.180.203.9:34534] ModSecurity: Warning. Pattern match "301|404|302" at RESPONSE_STATUS. [file "/opt/mod_security/hg_rules.conf"] [line "1570"] [id "900934"] [msg "404 php LOGGING"] [data "302"] [hostname "demo.nxtal.com"] [uri "/ps/adminps/index.php/security/compromised"] [unique_id "ajCxsspsKyvb75pkSvZ8DgABlDA"]
[Mon Jun 15 20:15:14.520714 2026] [security2:error] [pid 51003:tid 51161] [client 57.141.14.97:0] ModSecurity: Warning. Pattern match "301|404|302" at RESPONSE_STATUS. [file "/opt/mod_security/hg_rules.conf"] [line "1570"] [id "900934"] [msg "404 php LOGGING"] [data "404"] [hostname "aarohiarts.org"] [uri "/index.php"] [unique_id "ajCxsspsKyvb75pkSvZ8CAAAAas"]
[Mon Jun 15 20:15:14.637452 2026] [security2:error] [pid 51003:tid 51204] [client 57.141.14.6:26214] ModSecurity: Warning. Pattern match "301|404|302" at RESPONSE_STATUS. [file "/opt/mod_security/hg_rules.conf"] [line "1570"] [id "900934"] [msg "404 php LOGGING"] [data "404"] [hostname "koyeldasguptanaha.com"] [uri "/index.php"] [unique_id "ajCxsspsKyvb75pkSvZ8FwAB1l0"]
[Mon Jun 15 20:15:14.645215 2026] [security2:error] [pid 51003:tid 51190] [client 202.76.168.169:0] ModSecurity: Warning. Pattern match "301|404|302" at RESPONSE_STATUS. [file "/opt/mod_security/hg_rules.conf"] [line "1570"] [id "900934"] [msg "404 php LOGGING"] [data "301"] [hostname "www.kthemani.com"] [uri "/index.php"] [unique_id "ajCxsMpsKyvb75pkSvZ7yAAByBs"]
[Mon Jun 15 20:15:15.343288 2026] [security2:error] [pid 51003:tid 51233] [client 87.250.224.132:0] ModSecurity: Warning. Pattern match "301|404|302" at RESPONSE_STATUS. [file "/opt/mod_security/hg_rules.conf"] [line "1570"] [id "900934"] [msg "404 php LOGGING"] [data "302"] [hostname "demo.nxtal.com"] [uri "/ps/adminps/index.php/security/compromised"] [unique_id "ajCxs8psKyvb75pkSvZ8MAAAAfM"]
[Mon Jun 15 20:15:15.350609 2026] [security2:error] [pid 51003:tid 51227] [client 87.250.224.132:35300] ModSecurity: Warning. Pattern match "301|404|302" at RESPONSE_STATUS. [file "/opt/mod_security/hg_rules.conf"] [line "1570"] [id "900934"] [msg "404 php LOGGING"] [data "302"] [hostname "demo.nxtal.com"] [uri "/ps/adminps/index.php/security/compromised"] [unique_id "ajCxs8psKyvb75pkSvZ8KQAB7QQ"]
[Mon Jun 15 20:15:15.403426 2026] [security2:error] [pid 51003:tid 51153] [client 31.219.209.201:56984] ModSecurity: Access denied with code 409 (phase 1). RBL lookup of 201.209.219.31.testwprbl.websitewelcome.com succeeded at REMOTE_ADDR. [file "/opt/mod_security/hg_rules.conf"] [line "176"] [id "900407"] [msg "Wordpress and Joomla Brute RBL: testwprbl.websitewelcome.com"] [hostname "healingessence.in"] [uri "/xmlrpc.php"] [unique_id "ajCxs8psKyvb75pkSvZ8NgAAAaM"]
[Mon Jun 15 20:15:15.403597 2026] [security2:error] [pid 51003:tid 51153] [client 31.219.209.201:56984] ModSecurity: Warning. Pattern match "POST" at REQUEST_METHOD. [file "/opt/mod_security/hg_rules.conf"] [line "151"] [id "900405"] [msg "xmlrpc POST logging"] [data "409"] [hostname "healingessence.in"] [uri "/xmlrpc.php"] [unique_id "ajCxs8psKyvb75pkSvZ8NgAAAaM"]
[Mon Jun 15 20:15:15.479342 2026] [security2:error] [pid 51003:tid 51085] [remote 111.225.149.134:12266] ModSecurity: Access denied with code 406 (phase 1). Pattern match "ZoominfoBot|NetcraftSurveyAgent|MJ12bot|(?i:BUbiNG)|D(?i:otbot)| oBot/|MegaIndex\\\\.ru|Barkrowler|Spbot|DomainCrawler|Seznam|CCBot|SiteExplorer|OpenLinkProfiler|Sogou web spider|360Spider|Semrush|Panscient|crawler\\\\.feedback([+]\\\\S+)?@gmail\\\\.com|MauiBo ..." at REQUEST_HEADERS:User-Agent. [file "/opt/mod_security/hg_rules.conf"] [line "585"] [id "999812"] [msg "Problematic Crawler"] [hostname "www.puzzleadventureguide.com"] [uri "/en/the-prince/travelling-freakshow"] [unique_id "ajCxs8psKyvb75pkSvZ8OwABmVE"]
[Mon Jun 15 20:15:15.585397 2026] [autoindex:error] [pid 51003:tid 51149] [client 43.157.156.190:0] AH01276: Cannot serve directory /home2/zxsmgcmy/public_html/fivekco/: No matching DirectoryIndex (index.html.var,index.htm,index.html,index.shtml,index.xhtml,index.wml,index.perl,index.pl,index.plx,index.ppl,index.cgi,index.jsp,index.js,index.jp,index.php4,index.php3,index.php,index.phtml,default.htm,default.html,home.htm,index.php5,Default.html,Default.htm,home.html) found, and server-generated directory index forbidden by Options directive, referer: http://www.fivek.co.in
[Mon Jun 15 20:15:15.756993 2026] [security2:error] [pid 51003:tid 51245] [client 5.255.231.62:0] ModSecurity: Warning. Pattern match "301|404|302" at RESPONSE_STATUS. [file "/opt/mod_security/hg_rules.conf"] [line "1570"] [id "900934"] [msg "404 php LOGGING"] [data "302"] [hostname "demo.nxtal.com"] [uri "/ps/adminps/index.php/security/compromised"] [unique_id "ajCxs8psKyvb75pkSvZ8UAAAAf8"]
[Mon Jun 15 20:15:15.759922 2026] [security2:error] [pid 51003:tid 51252] [client 5.255.231.62:52634] ModSecurity: Warning. Pattern match "301|404|302" at RESPONSE_STATUS. [file "/opt/mod_security/hg_rules.conf"] [line "1570"] [id "900934"] [msg "404 php LOGGING"] [data "302"] [hostname "demo.nxtal.com"] [uri "/ps/adminps/index.php/security/compromised"] [unique_id "ajCxs8psKyvb75pkSvZ8SwACBhw"]
[Mon Jun 15 20:15:15.781773 2026] [security2:error] [pid 51003:tid 51209] [client 66.249.79.36:0] ModSecurity: Warning. Pattern match "301|404|302" at RESPONSE_STATUS. [file "/opt/mod_security/hg_rules.conf"] [line "1570"] [id "900934"] [msg "404 php LOGGING"] [data "404"] [hostname "sciencecenterrajkot.org"] [uri "/index.php"] [unique_id "ajCxs8psKyvb75pkSvZ8MgAAAds"]
[Mon Jun 15 20:15:15.857577 2026] [security2:error] [pid 51003:tid 51037] [remote 47.128.119.136:0] ModSecurity: Warning. Pattern match "301|404|302" at RESPONSE_STATUS. [file "/opt/mod_security/hg_rules.conf"] [line "1570"] [id "900934"] [msg "404 php LOGGING"] [data "404"] [hostname "mywordsnthoughts.com"] [uri "/index.php"] [unique_id "ajCxs8psKyvb75pkSvZ8NwABqCE"]
[Mon Jun 15 20:15:16.181836 2026] [security2:error] [pid 51003:tid 51254] [client 57.141.14.97:52122] ModSecurity: Warning. Pattern match "301|404|302" at RESPONSE_STATUS. [file "/opt/mod_security/hg_rules.conf"] [line "1570"] [id "900934"] [msg "404 php LOGGING"] [data "404"] [hostname "koyeldasguptanaha.com"] [uri "/index.php"] [unique_id "ajCxtMpsKyvb75pkSvZ8YAACCD0"]
[Mon Jun 15 20:15:16.182067 2026] [rewrite:error] [pid 51003:tid 51066] [remote 47.79.199.17:22530] AH10411: Rewritten query string contains control characters or spaces
[Mon Jun 15 20:15:16.244110 2026] [security2:error] [pid 51003:tid 51220] [client 143.244.57.120:42426] ModSecurity: Warning. Operator EQ matched 0 at REQUEST_HEADERS. [file "/opt/mod_security/hg_rules.conf"] [line "1573"] [id "900935"] [msg "Empty User-Agent LOGGING"] [data "301"] [hostname "www.surveylaya.com"] [uri "/wp-admin/user/"] [unique_id "ajCxtMpsKyvb75pkSvZ8aQAAAeY"]
[Mon Jun 15 20:15:16.337771 2026] [security2:error] [pid 51003:tid 51256] [client 213.180.203.161:0] ModSecurity: Warning. Pattern match "301|404|302" at RESPONSE_STATUS. [file "/opt/mod_security/hg_rules.conf"] [line "1570"] [id "900934"] [msg "404 php LOGGING"] [data "302"] [hostname "demo.nxtal.com"] [uri "/ps/adminps/index.php/security/compromised"] [unique_id "ajCxtMpsKyvb75pkSvZ8bgAAAgo"]
[Mon Jun 15 20:15:16.346481 2026] [security2:error] [pid 51003:tid 51213] [client 213.180.203.161:37664] ModSecurity: Warning. Pattern match "301|404|302" at RESPONSE_STATUS. [file "/opt/mod_security/hg_rules.conf"] [line "1570"] [id "900934"] [msg "404 php LOGGING"] [data "302"] [hostname "demo.nxtal.com"] [uri "/ps/adminps/index.php/security/compromised"] [unique_id "ajCxtMpsKyvb75pkSvZ8ZgAB30U"]
[Mon Jun 15 20:15:16.443285 2026] [security2:error] [pid 51003:tid 51212] [client 243.138.119.106:0] ModSecurity: Warning. Pattern match "301|404|302" at RESPONSE_STATUS. [file "/opt/mod_security/hg_rules.conf"] [line "1570"] [id "900934"] [msg "404 php LOGGING"] [data "404"] [hostname "mywordsnthoughts.com"] [uri "/index.php"] [unique_id "ajCxs8psKyvb75pkSvZ8WwAB3mQ"], referer: https://mywordsnthoughts.com/tag/mushroom-curries-side-dishes/page/2/
[Mon Jun 15 20:15:16.447624 2026] [rewrite:error] [pid 51003:tid 51091] [remote 47.79.199.17:22530] AH10411: Rewritten query string contains control characters or spaces
[Mon Jun 15 20:15:16.453928 2026] [security2:error] [pid 51003:tid 51168] [client 247.135.90.158:0] ModSecurity: Warning. Pattern match "301|404|302" at RESPONSE_STATUS. [file "/opt/mod_security/hg_rules.conf"] [line "1570"] [id "900934"] [msg "404 php LOGGING"] [data "404"] [hostname "mywordsnthoughts.com"] [uri "/index.php"] [unique_id "ajCxs8psKyvb75pkSvZ8XAABsis"], referer: https://mywordsnthoughts.com/tag/mushroom-curries-side-dishes/page/2/
[Mon Jun 15 20:15:16.765632 2026] [security2:error] [pid 51003:tid 51214] [client 87.250.224.229:0] ModSecurity: Warning. Pattern match "301|404|302" at RESPONSE_STATUS. [file "/opt/mod_security/hg_rules.conf"] [line "1570"] [id "900934"] [msg "404 php LOGGING"] [data "302"] [hostname "demo.nxtal.com"] [uri "/ps/adminps/index.php/security/compromised"] [unique_id "ajCxtMpsKyvb75pkSvZ8hQAAAeA"]
[Mon Jun 15 20:15:16.768666 2026] [security2:error] [pid 51003:tid 51260] [client 87.250.224.229:42970] ModSecurity: Warning. Pattern match "301|404|302" at RESPONSE_STATUS. [file "/opt/mod_security/hg_rules.conf"] [line "1570"] [id "900934"] [msg "404 php LOGGING"] [data "302"] [hostname "demo.nxtal.com"] [uri "/ps/adminps/index.php/security/compromised"] [unique_id "ajCxtMpsKyvb75pkSvZ8gwACDgI"]
[Mon Jun 15 20:15:17.086112 2026] [security2:error] [pid 51003:tid 51181] [client 47.79.200.40:0] ModSecurity: Warning. Pattern match "301|404|302" at RESPONSE_STATUS. [file "/opt/mod_security/hg_rules.conf"] [line "1570"] [id "900934"] [msg "404 php LOGGING"] [data "301"] [hostname "societytodaynews.com"] [uri "/index.php"] [unique_id "ajCxtMpsKyvb75pkSvZ8iwAAAb8"], referer: https://www.google.com/
[Mon Jun 15 20:15:17.093664 2026] [security2:error] [pid 51003:tid 51051] [remote 47.128.119.136:0] ModSecurity: Warning. Pattern match "301|404|302" at RESPONSE_STATUS. [file "/opt/mod_security/hg_rules.conf"] [line "1570"] [id "900934"] [msg "404 php LOGGING"] [data "404"] [hostname "mywordsnthoughts.com"] [uri "/index.php"] [unique_id "ajCxtMpsKyvb75pkSvZ8gAACBi8"], referer: https://mywordsnthoughts.com/myworld/category/home-blog/english-blogs/bollywood/page/33/
[Mon Jun 15 20:15:17.138533 2026] [security2:error] [pid 51003:tid 51249] [client 47.128.119.136:0] ModSecurity: Warning. Pattern match "301|404|302" at RESPONSE_STATUS. [file "/opt/mod_security/hg_rules.conf"] [line "1570"] [id "900934"] [msg "404 php LOGGING"] [data "404"] [hostname "mywordsnthoughts.com"] [uri "/index.php"] [unique_id "ajCxtMpsKyvb75pkSvZ8ggACA0o"], referer: https://mywordsnthoughts.com/myworld/category/home-blog/english-blogs/bollywood/page/33/
[Mon Jun 15 20:15:17.156818 2026] [security2:error] [pid 51003:tid 51056] [remote 121.200.216.55:53500] ModSecurity: Access denied with code 409 (phase 1). RBL lookup of 55.216.200.121.testwprbl.websitewelcome.com succeeded at REMOTE_ADDR. [file "/opt/mod_security/hg_rules.conf"] [line "176"] [id "900407"] [msg "Wordpress and Joomla Brute RBL: testwprbl.websitewelcome.com"] [hostname "nctindia.org"] [uri "/wp-login.php"] [unique_id "ajCxtcpsKyvb75pkSvZ8kQAB1DQ"]
[Mon Jun 15 20:15:17.165679 2026] [security2:error] [pid 51003:tid 51216] [client 65.111.30.222:42859] ModSecurity: Access denied with code 406 (phase 2). Pattern match "(?:< ?script|(?:<|< ?/)(?:(?:java|vb)script|about|applet|activex|chrome|qx?ss|embed)|< ?/?i?frame\\\\b)" at REQUEST_URI. [file "/etc/httpd/modsecurity.d/10_asl_rules.conf"] [line "1079"] [id "340147"] [rev "141"] [msg "Atomicorp.com WAF Rules: Potential Cross Site Scripting Attack"] [data "<script"] [severity "CRITICAL"] [hostname "www.procrastinatingworker.imcorp.in"] [uri "/"] [unique_id "ajCxtcpsKyvb75pkSvZ8kgAAAeI"]
[Mon Jun 15 20:15:17.198696 2026] [security2:error] [pid 51003:tid 51182] [client 57.141.14.77:35851] ModSecurity: Warning. Pattern match "301|404|302" at RESPONSE_STATUS. [file "/opt/mod_security/hg_rules.conf"] [line "1570"] [id "900934"] [msg "404 php LOGGING"] [data "404"] [hostname "koyeldasguptanaha.com"] [uri "/index.php"] [unique_id "ajCxtcpsKyvb75pkSvZ8kAABwH0"]
[Mon Jun 15 20:15:17.532353 2026] [security2:error] [pid 51003:tid 51244] [client 202.76.172.220:0] ModSecurity: Warning. Pattern match "301|404|302" at RESPONSE_STATUS. [file "/opt/mod_security/hg_rules.conf"] [line "1570"] [id "900934"] [msg "404 php LOGGING"] [data "404"] [hostname "kthemani.com"] [uri "/index.php"] [unique_id "ajCxs8psKyvb75pkSvZ8QAAAAf4"]
[Mon Jun 15 20:15:17.595085 2026] [security2:error] [pid 51003:tid 51024] [remote 121.200.216.55:53500] ModSecurity: Access denied with code 409 (phase 1). RBL lookup of 55.216.200.121.testwprbl.websitewelcome.com succeeded at REMOTE_ADDR. [file "/opt/mod_security/hg_rules.conf"] [line "176"] [id "900407"] [msg "Wordpress and Joomla Brute RBL: testwprbl.websitewelcome.com"] [hostname "nctindia.org"] [uri "/wp-login.php"] [unique_id "ajCxtcpsKyvb75pkSvZ8pQABrxQ"], referer: https://nctindia.org/wp-login.php
[Mon Jun 15 20:15:17.865899 2026] [security2:error] [pid 51003:tid 51030] [remote 17.246.19.237:0] ModSecurity: Access denied with code 409 (phase 1). RBL lookup of 237.19.246.17.vulnscan.websitewelcome.com succeeded at REMOTE_ADDR. [file "/opt/mod_security/hg_rules.conf"] [line "1566"] [id "900933"] [msg "Vulnerability Scan RBL: vulnscan.websitewelcome.com"] [hostname "mywordsnthoughts.com"] [uri "/wp-admin/admin-ajax.php"] [unique_id "ajCxtcpsKyvb75pkSvZ8pwABtBo"], referer: https://mywordsnthoughts.com/sangeetha-sreenivasan-bilingual-writer-translator-of-new-generation/
[Mon Jun 15 20:15:18.286097 2026] [security2:error] [pid 51003:tid 51245] [client 143.244.57.88:60158] ModSecurity: Warning. Operator EQ matched 0 at REQUEST_HEADERS. [file "/opt/mod_security/hg_rules.conf"] [line "1573"] [id "900935"] [msg "Empty User-Agent LOGGING"] [data "302"] [hostname "rkfreshmart.net"] [uri "/wp-admin/network/index.php"] [unique_id "ajCxtcpsKyvb75pkSvZ8qAAAAf8"]
[Mon Jun 15 20:15:18.406629 2026] [rewrite:error] [pid 51003:tid 51067] [remote 47.79.198.97:23970] AH10411: Rewritten query string contains control characters or spaces
[Mon Jun 15 20:15:18.483080 2026] [security2:error] [pid 51003:tid 51133] [client 143.244.57.88:60158] ModSecurity: Access denied with code 409 (phase 1). RBL lookup of 88.57.244.143.testwprbl.websitewelcome.com succeeded at REMOTE_ADDR. [file "/opt/mod_security/hg_rules.conf"] [line "176"] [id "900407"] [msg "Wordpress and Joomla Brute RBL: testwprbl.websitewelcome.com"] [hostname "rkfreshmart.net"] [uri "/wp-login.php"] [unique_id "ajCxtspsKyvb75pkSvZ8vgAAAY8"]
[Mon Jun 15 20:15:18.483181 2026] [security2:error] [pid 51003:tid 51133] [client 143.244.57.88:60158] ModSecurity: Warning. Operator EQ matched 0 at REQUEST_HEADERS. [file "/opt/mod_security/hg_rules.conf"] [line "1573"] [id "900935"] [msg "Empty User-Agent LOGGING"] [data "409"] [hostname "rkfreshmart.net"] [uri "/wp-login.php"] [unique_id "ajCxtspsKyvb75pkSvZ8vgAAAY8"]
[Mon Jun 15 20:15:18.631292 2026] [security2:error] [pid 51003:tid 51092] [remote 82.223.68.64:34094] ModSecurity: Access denied with code 409 (phase 1). RBL lookup of 64.68.223.82.testwprbl.websitewelcome.com succeeded at REMOTE_ADDR. [file "/opt/mod_security/hg_rules.conf"] [line "176"] [id "900407"] [msg "Wordpress and Joomla Brute RBL: testwprbl.websitewelcome.com"] [hostname "mail.madanavonz.com"] [uri "/wp-login.php"] [unique_id "ajCxtspsKyvb75pkSvZ8yQAByVg"]
[Mon Jun 15 20:15:18.669968 2026] [rewrite:error] [pid 51003:tid 51046] [remote 47.79.198.97:23970] AH10411: Rewritten query string contains control characters or spaces
[Mon Jun 15 20:15:18.817839 2026] [security2:error] [pid 51003:tid 51255] [client 5.2.67.226:49924] ModSecurity: Warning. Pattern match "301|404|302" at RESPONSE_STATUS. [file "/opt/mod_security/hg_rules.conf"] [line "1570"] [id "900934"] [msg "404 php LOGGING"] [data "301"] [hostname "gamergreatness.com"] [uri "/index.php"] [unique_id "ajCxtspsKyvb75pkSvZ8ygACCWM"], referer: https://gamergreatness.com/community/forum/games
[Mon Jun 15 20:15:18.903200 2026] [security2:error] [pid 51003:tid 51010] [remote 82.223.68.64:34094] ModSecurity: Access denied with code 409 (phase 1). RBL lookup of 64.68.223.82.testwprbl.websitewelcome.com succeeded at REMOTE_ADDR. [file "/opt/mod_security/hg_rules.conf"] [line "176"] [id "900407"] [msg "Wordpress and Joomla Brute RBL: testwprbl.websitewelcome.com"] [hostname "mail.madanavonz.com"] [uri "/wp-login.php"] [unique_id "ajCxtspsKyvb75pkSvZ80QACBwY"], referer: https://mail.madanavonz.com/wp-login.php
[Mon Jun 15 20:15:19.301567 2026] [security2:error] [pid 51003:tid 51193] [client 162.214.80.21:39234] ModSecurity: Warning. Matched phrase "Needle" at REQUEST_HEADERS:User-Agent. [file "/opt/mod_security/hg_rules.conf"] [line "168"] [id "350001"] [msg "BAD BOT - Detected LOGGING"] [data "200"] [hostname "prananeedle.com"] [uri "/wp-cron.php"] [unique_id "ajCxt8psKyvb75pkSvZ84wAAAcs"]
[Mon Jun 15 20:15:19.369726 2026] [security2:error] [pid 51003:tid 51123] [remote 177.222.112.154:0] ModSecurity: Access denied with code 409 (phase 2). Match of "rx ^/monarx-analyzer.php" against "REQUEST_URI" required. [file "/opt/mod_security/botprotection.conf"] [line "1"] [id "901020"] [msg "TRANSPARENT BOT PROTECTION ADDED BY MONITORING DO NOT WHITELIST"] [hostname "www.smgl.org"] [uri "/product/wholesale-sterling-silver-rings/mens-rings/418"] [unique_id "ajCxt8psKyvb75pkSvZ85QAB7Xc"], referer: https://www.smgl.org/
[Mon Jun 15 20:15:19.630853 2026] [security2:error] [pid 51003:tid 51186] [client 57.141.14.45:47678] ModSecurity: Warning. Pattern match "301|404|302" at RESPONSE_STATUS. [file "/opt/mod_security/hg_rules.conf"] [line "1570"] [id "900934"] [msg "404 php LOGGING"] [data "404"] [hostname "koyeldasguptanaha.com"] [uri "/index.php"] [unique_id "ajCxt8psKyvb75pkSvZ86AABxGY"]
[Mon Jun 15 20:15:19.661282 2026] [security2:error] [pid 51003:tid 51069] [remote 34.60.97.204:46048] ModSecurity: Access denied with code 409 (phase 1). RBL lookup of 204.97.60.34.vulnscan.websitewelcome.com succeeded at REMOTE_ADDR. [file "/opt/mod_security/hg_rules.conf"] [line "1566"] [id "900933"] [msg "Vulnerability Scan RBL: vulnscan.websitewelcome.com"] [hostname "softhubtechno.com"] [uri "/Admin/logo/Admin/Admin/logo/Admin/logo/Admin/logo/pms.php"] [unique_id "ajCxt8psKyvb75pkSvZ87AABsUE"]
[Mon Jun 15 20:15:20.557514 2026] [security2:error] [pid 51003:tid 51219] [client 162.214.80.21:52932] ModSecurity: Warning. Matched phrase "Needle" at REQUEST_HEADERS:User-Agent. [file "/opt/mod_security/hg_rules.conf"] [line "168"] [id "350001"] [msg "BAD BOT - Detected LOGGING"] [data "404"] [hostname "prananeedle.com"] [uri "/cgi-sys/404.html"] [unique_id "ajCxuMpsKyvb75pkSvZ9EgAAAeU"]
[Mon Jun 15 20:15:20.785070 2026] [security2:error] [pid 51003:tid 51257] [client 192.140.64.94:29924] ModSecurity: Access denied with code 406 (phase 2). Operator GT matched 0 at USER:bf_block. [file "/opt/mod_security/hg_rules.conf"] [line "1482"] [id "909121"] [msg "IP address blocked, too many xmlrpc.php failures"] [hostname "pepperic.com"] [uri "/xmlrpc.php"] [unique_id "ajCxuMpsKyvb75pkSvZ9GQAAAgs"]
[Mon Jun 15 20:15:20.785179 2026] [security2:error] [pid 51003:tid 51257] [client 192.140.64.94:29924] ModSecurity: Warning. Pattern match "POST" at REQUEST_METHOD. [file "/opt/mod_security/hg_rules.conf"] [line "151"] [id "900405"] [msg "xmlrpc POST logging"] [data "406"] [hostname "pepperic.com"] [uri "/xmlrpc.php"] [unique_id "ajCxuMpsKyvb75pkSvZ9GQAAAgs"]
[Mon Jun 15 20:15:20.972670 2026] [security2:error] [pid 51003:tid 51059] [remote 57.141.14.80:56203] ModSecurity: Warning. Pattern match "301|404|302" at RESPONSE_STATUS. [file "/opt/mod_security/hg_rules.conf"] [line "1570"] [id "900934"] [msg "404 php LOGGING"] [data "404"] [hostname "koyeldasguptanaha.com"] [uri "/index.php"] [unique_id "ajCxuMpsKyvb75pkSvZ9IAABuDc"]
[Mon Jun 15 20:15:21.058158 2026] [security2:error] [pid 51003:tid 51077] [remote 2a03:2880:f806:9:::0] ModSecurity: Warning. Pattern match "301|404|302" at RESPONSE_STATUS. [file "/opt/mod_security/hg_rules.conf"] [line "1570"] [id "900934"] [msg "404 php LOGGING"] [data "404"] [hostname "ruchini.hemani.finance"] [uri "/index.php"] [unique_id "ajCxuMpsKyvb75pkSvZ9IwACAEk"]
[Mon Jun 15 20:15:21.504067 2026] [security2:error] [pid 51003:tid 51124] [remote 31.24.44.107:44286] ModSecurity: Access denied with code 409 (phase 1). RBL lookup of 107.44.24.31.testwprbl.websitewelcome.com succeeded at REMOTE_ADDR. [file "/opt/mod_security/hg_rules.conf"] [line "176"] [id "900407"] [msg "Wordpress and Joomla Brute RBL: testwprbl.websitewelcome.com"] [hostname "madakasira.in"] [uri "/wp-login.php"] [unique_id "ajCxucpsKyvb75pkSvZ9MQABl3g"]
[Mon Jun 15 20:15:21.733442 2026] [security2:error] [pid 51003:tid 51019] [remote 31.24.44.107:44286] ModSecurity: Access denied with code 409 (phase 1). RBL lookup of 107.44.24.31.testwprbl.websitewelcome.com succeeded at REMOTE_ADDR. [file "/opt/mod_security/hg_rules.conf"] [line "176"] [id "900407"] [msg "Wordpress and Joomla Brute RBL: testwprbl.websitewelcome.com"] [hostname "madakasira.in"] [uri "/wp-login.php"] [unique_id "ajCxucpsKyvb75pkSvZ9PgABmQ8"], referer: https://madakasira.in/wp-login.php
[Mon Jun 15 20:15:21.912411 2026] [security2:error] [pid 51003:tid 51032] [remote 68.178.160.25:39272] ModSecurity: Access denied with code 409 (phase 1). RBL lookup of 25.160.178.68.testwprbl.websitewelcome.com succeeded at REMOTE_ADDR. [file "/opt/mod_security/hg_rules.conf"] [line "176"] [id "900407"] [msg "Wordpress and Joomla Brute RBL: testwprbl.websitewelcome.com"] [hostname "foy.lnh.mybluehostin.me"] [uri "/wp-login.php"] [unique_id "ajCxucpsKyvb75pkSvZ9RwAB5Bw"]
[Mon Jun 15 20:15:22.488707 2026] [security2:error] [pid 51003:tid 51015] [remote 216.73.216.114:38566] ModSecurity: Access denied with code 409 (phase 1). RBL lookup of 114.216.73.216.vulnscan.websitewelcome.com succeeded at REMOTE_ADDR. [file "/opt/mod_security/hg_rules.conf"] [line "1566"] [id "900933"] [msg "Vulnerability Scan RBL: vulnscan.websitewelcome.com"] [hostname "softhubtechno.ehx.czu.mybluehostin.me"] [uri "/Admin/logo/css/images/img/carrer.php"] [unique_id "ajCxuspsKyvb75pkSvZ9ZwABwAs"]
[Mon Jun 15 20:15:22.523766 2026] [security2:error] [pid 51003:tid 51181] [client 57.141.14.72:42177] ModSecurity: Warning. Pattern match "301|404|302" at RESPONSE_STATUS. [file "/opt/mod_security/hg_rules.conf"] [line "1570"] [id "900934"] [msg "404 php LOGGING"] [data "404"] [hostname "koyeldasguptanaha.com"] [uri "/index.php"] [unique_id "ajCxuspsKyvb75pkSvZ9YgABvz4"]
[Mon Jun 15 20:15:22.656175 2026] [security2:error] [pid 51003:tid 51145] [client 66.249.68.162:0] ModSecurity: Access denied with code 429 (phase 2). Pattern match "Googlebot[\\\\/-]" at REQUEST_HEADERS:User-Agent. [file "/opt/mod_security/google.conf"] [line "3"] [id "901003"] [msg "Googlebot Crawler 429 ADDED BY MONITORING DO NOT WHITELIST"] [hostname "rudrakshwelfare.com"] [uri "/robots.txt"] [unique_id "ajCxuspsKyvb75pkSvZ9cQAAAZs"]
[Mon Jun 15 20:15:23.484039 2026] [security2:error] [pid 51003:tid 51196] [client 47.79.207.97:1202] ModSecurity: Warning. Pattern match "301|404|302" at RESPONSE_STATUS. [file "/opt/mod_security/hg_rules.conf"] [line "1570"] [id "900934"] [msg "404 php LOGGING"] [data "301"] [hostname "marshitechindia.com"] [uri "/index.php"] [unique_id "ajCxu8psKyvb75pkSvZ9jgAAAc4"], referer: https://www.google.com/
[Mon Jun 15 20:15:23.494730 2026] [security2:error] [pid 51003:tid 51200] [client 104.207.59.194:36917] ModSecurity: Warning. Pattern match "301|404|302" at RESPONSE_STATUS. [file "/opt/mod_security/hg_rules.conf"] [line "1570"] [id "900934"] [msg "404 php LOGGING"] [data "404"] [hostname "procrastinatingworker.com"] [uri "/index.php"] [unique_id "ajCxu8psKyvb75pkSvZ9qgAAAdI"]
[Mon Jun 15 20:15:23.546547 2026] [security2:error] [pid 51003:tid 51122] [remote 103.239.14.19:36364] ModSecurity: Access denied with code 409 (phase 1). RBL lookup of 19.14.239.103.testwprbl.websitewelcome.com succeeded at REMOTE_ADDR. [file "/opt/mod_security/hg_rules.conf"] [line "176"] [id "900407"] [msg "Wordpress and Joomla Brute RBL: testwprbl.websitewelcome.com"] [hostname "mail.cherubicindia.com"] [uri "/wp-login.php"] [unique_id "ajCxu8psKyvb75pkSvZ9uwABt3Y"]
[Mon Jun 15 20:15:23.920677 2026] [security2:error] [pid 51003:tid 51154] [client 79.139.187.204:0] ModSecurity: Warning. Pattern match "301|404|302" at RESPONSE_STATUS. [file "/opt/mod_security/hg_rules.conf"] [line "1570"] [id "900934"] [msg "404 php LOGGING"] [data "301"] [hostname "www.kthemani.com"] [uri "/index.php"] [unique_id "ajCxuspsKyvb75pkSvZ9TQABpEs"]
[Mon Jun 15 20:15:24.035526 2026] [security2:error] [pid 51003:tid 51112] [remote 57.141.14.102:46957] ModSecurity: Warning. Pattern match "301|404|302" at RESPONSE_STATUS. [file "/opt/mod_security/hg_rules.conf"] [line "1570"] [id "900934"] [msg "404 php LOGGING"] [data "404"] [hostname "koyeldasguptanaha.com"] [uri "/index.php"] [unique_id "ajCxu8psKyvb75pkSvZ9yAAByGw"]
[Mon Jun 15 20:15:24.052090 2026] [security2:error] [pid 51003:tid 51067] [remote 103.239.14.19:36364] ModSecurity: Access denied with code 409 (phase 1). RBL lookup of 19.14.239.103.testwprbl.websitewelcome.com succeeded at REMOTE_ADDR. [file "/opt/mod_security/hg_rules.conf"] [line "176"] [id "900407"] [msg "Wordpress and Joomla Brute RBL: testwprbl.websitewelcome.com"] [hostname "mail.cherubicindia.com"] [uri "/wp-login.php"] [unique_id "ajCxvMpsKyvb75pkSvZ9ywABtj8"], referer: https://mail.cherubicindia.com/wp-login.php
[Mon Jun 15 20:15:24.348120 2026] [security2:error] [pid 51003:tid 51114] [remote 203.190.11.3:35122] ModSecurity: Access denied with code 409 (phase 1). RBL lookup of 3.11.190.203.testwprbl.websitewelcome.com succeeded at REMOTE_ADDR. [file "/opt/mod_security/hg_rules.conf"] [line "176"] [id "900407"] [msg "Wordpress and Joomla Brute RBL: testwprbl.websitewelcome.com"] [hostname "sriramsidd.com"] [uri "/wp-login.php"] [unique_id "ajCxvMpsKyvb75pkSvZ92AAB124"]
[Mon Jun 15 20:15:24.817879 2026] [security2:error] [pid 51003:tid 51086] [remote 242.239.58.58:0] ModSecurity: Warning. Pattern match "301|404|302" at RESPONSE_STATUS. [file "/opt/mod_security/hg_rules.conf"] [line "1570"] [id "900934"] [msg "404 php LOGGING"] [data "404"] [hostname "mywordsnthoughts.com"] [uri "/index.php"] [unique_id "ajCxvMpsKyvb75pkSvZ93wAB2VI"], referer: https://mywordsnthoughts.com/neeyoru-puzhayay-thazhukumbol-song-from-thilakkam-lyrics-in-english-with-translation/
[Mon Jun 15 20:15:24.869590 2026] [security2:error] [pid 51003:tid 51064] [remote 242.239.58.58:0] ModSecurity: Warning. Pattern match "301|404|302" at RESPONSE_STATUS. [file "/opt/mod_security/hg_rules.conf"] [line "1570"] [id "900934"] [msg "404 php LOGGING"] [data "404"] [hostname "mywordsnthoughts.com"] [uri "/index.php"] [unique_id "ajCxvMpsKyvb75pkSvZ94gABnTw"], referer: https://mywordsnthoughts.com/neeyoru-puzhayay-thazhukumbol-song-from-thilakkam-lyrics-in-english-with-translation/
[Mon Jun 15 20:15:24.907408 2026] [security2:error] [pid 51003:tid 51076] [remote 203.190.11.3:35122] ModSecurity: Access denied with code 409 (phase 1). RBL lookup of 3.11.190.203.testwprbl.websitewelcome.com succeeded at REMOTE_ADDR. [file "/opt/mod_security/hg_rules.conf"] [line "176"] [id "900407"] [msg "Wordpress and Joomla Brute RBL: testwprbl.websitewelcome.com"] [hostname "sriramsidd.com"] [uri "/wp-login.php"] [unique_id "ajCxvMpsKyvb75pkSvZ97gABl0g"], referer: https://sriramsidd.com/wp-login.php
[Mon Jun 15 20:15:25.043574 2026] [security2:error] [pid 51003:tid 51173] [client 104.207.59.194:28765] ModSecurity: Warning. Pattern match "301|404|302" at RESPONSE_STATUS. [file "/opt/mod_security/hg_rules.conf"] [line "1570"] [id "900934"] [msg "404 php LOGGING"] [data "404"] [hostname "procrastinatingworker.com"] [uri "/index.php"] [unique_id "ajCxvMpsKyvb75pkSvZ97wAAAbc"]
[Mon Jun 15 20:15:25.457810 2026] [security2:error] [pid 51003:tid 51121] [remote 57.141.14.79:62610] ModSecurity: Warning. Pattern match "301|404|302" at RESPONSE_STATUS. [file "/opt/mod_security/hg_rules.conf"] [line "1570"] [id "900934"] [msg "404 php LOGGING"] [data "404"] [hostname "koyeldasguptanaha.com"] [uri "/index.php"] [unique_id "ajCxvcpsKyvb75pkSvZ9-wABm3U"]
[Mon Jun 15 20:15:25.648676 2026] [rewrite:error] [pid 51003:tid 51142] [client 103.181.74.14:32654] AH10411: Rewritten query string contains control characters or spaces
