[Mon Jun 15 20:15:25.745624 2026] [security2:error] [pid 51003:tid 51241] [client 2a03:2880:f806:3c:::0] ModSecurity: Warning. Pattern match "301|404|302" at RESPONSE_STATUS. [file "/opt/mod_security/hg_rules.conf"] [line "1570"] [id "900934"] [msg "404 php LOGGING"] [data "404"] [hostname "ruchini.hemani.finance"] [uri "/index.php"] [unique_id "ajCxvcpsKyvb75pkSvZ-EAAB-zE"]
[Mon Jun 15 20:15:25.883287 2026] [security2:error] [pid 51003:tid 51155] [client 57.141.14.105:34154] ModSecurity: Warning. Pattern match "301|404|302" at RESPONSE_STATUS. [file "/opt/mod_security/hg_rules.conf"] [line "1570"] [id "900934"] [msg "404 php LOGGING"] [data "404"] [hostname "fifthestate.agency"] [uri "/index.php"] [unique_id "ajCxvcpsKyvb75pkSvZ-EgABpUc"]
[Mon Jun 15 20:15:25.920728 2026] [security2:error] [pid 51003:tid 51234] [client 31.219.209.201:57601] ModSecurity: Access denied with code 409 (phase 1). RBL lookup of 201.209.219.31.testwprbl.websitewelcome.com succeeded at REMOTE_ADDR. [file "/opt/mod_security/hg_rules.conf"] [line "176"] [id "900407"] [msg "Wordpress and Joomla Brute RBL: testwprbl.websitewelcome.com"] [hostname "healingessence.in"] [uri "/xmlrpc.php"] [unique_id "ajCxvcpsKyvb75pkSvZ-GwAAAfQ"]
[Mon Jun 15 20:15:25.920893 2026] [security2:error] [pid 51003:tid 51234] [client 31.219.209.201:57601] ModSecurity: Warning. Pattern match "POST" at REQUEST_METHOD. [file "/opt/mod_security/hg_rules.conf"] [line "151"] [id "900405"] [msg "xmlrpc POST logging"] [data "409"] [hostname "healingessence.in"] [uri "/xmlrpc.php"] [unique_id "ajCxvcpsKyvb75pkSvZ-GwAAAfQ"]
[Mon Jun 15 20:15:26.094788 2026] [security2:error] [pid 51003:tid 51068] [remote 64.131.86.2:46906] ModSecurity: Access denied with code 409 (phase 1). RBL lookup of 2.86.131.64.testwprbl.websitewelcome.com succeeded at REMOTE_ADDR. [file "/opt/mod_security/hg_rules.conf"] [line "176"] [id "900407"] [msg "Wordpress and Joomla Brute RBL: testwprbl.websitewelcome.com"] [hostname "blogliterati.com"] [uri "/wp-login.php"] [unique_id "ajCxvspsKyvb75pkSvZ-IgAB60A"]
[Mon Jun 15 20:15:26.157735 2026] [security2:error] [pid 51003:tid 51216] [client 95.108.213.136:0] ModSecurity: Warning. Pattern match "301|404|302" at RESPONSE_STATUS. [file "/opt/mod_security/hg_rules.conf"] [line "1570"] [id "900934"] [msg "404 php LOGGING"] [data "302"] [hostname "demo.nxtal.com"] [uri "/ps/adminps/index.php/security/compromised"] [unique_id "ajCxvspsKyvb75pkSvZ-JQAAAeI"]
[Mon Jun 15 20:15:26.160520 2026] [security2:error] [pid 51003:tid 51148] [client 95.108.213.136:59624] ModSecurity: Warning. Pattern match "301|404|302" at RESPONSE_STATUS. [file "/opt/mod_security/hg_rules.conf"] [line "1570"] [id "900934"] [msg "404 php LOGGING"] [data "302"] [hostname "demo.nxtal.com"] [uri "/ps/adminps/index.php/security/compromised"] [unique_id "ajCxvspsKyvb75pkSvZ-IQABnjM"]
[Mon Jun 15 20:15:26.266642 2026] [security2:error] [pid 51003:tid 51097] [remote 64.131.86.2:46906] ModSecurity: Access denied with code 409 (phase 1). RBL lookup of 2.86.131.64.testwprbl.websitewelcome.com succeeded at REMOTE_ADDR. [file "/opt/mod_security/hg_rules.conf"] [line "176"] [id "900407"] [msg "Wordpress and Joomla Brute RBL: testwprbl.websitewelcome.com"] [hostname "blogliterati.com"] [uri "/wp-login.php"] [unique_id "ajCxvspsKyvb75pkSvZ-KAABo10"], referer: https://blogliterati.com/wp-login.php
[Mon Jun 15 20:15:26.437426 2026] [security2:error] [pid 51003:tid 51195] [client 104.207.59.194:55933] ModSecurity: Warning. Pattern match "301|404|302" at RESPONSE_STATUS. [file "/opt/mod_security/hg_rules.conf"] [line "1570"] [id "900934"] [msg "404 php LOGGING"] [data "404"] [hostname "procrastinatingworker.com"] [uri "/index.php"] [unique_id "ajCxvspsKyvb75pkSvZ-LQAAAc0"]
[Mon Jun 15 20:15:26.568032 2026] [security2:error] [pid 51003:tid 51093] [remote 116.179.32.98:0] ModSecurity: Access denied with code 409 (phase 2). Match of "rx ^/monarx-analyzer.php" against "REQUEST_URI" required. [file "/opt/mod_security/botprotection.conf"] [line "1"] [id "901020"] [msg "TRANSPARENT BOT PROTECTION ADDED BY MONITORING DO NOT WHITELIST"] [hostname "www.smgl.org"] [uri "/product/925-jewelry/2003-collection/mix-pendants/gempendant6166/"] [unique_id "ajCxvspsKyvb75pkSvZ-NAAB21k"]
[Mon Jun 15 20:15:26.584846 2026] [security2:error] [pid 51003:tid 51189] [client 241.143.35.2:0] ModSecurity: Warning. Pattern match "301|404|302" at RESPONSE_STATUS. [file "/opt/mod_security/hg_rules.conf"] [line "1570"] [id "900934"] [msg "404 php LOGGING"] [data "404"] [hostname "mywordsnthoughts.com"] [uri "/index.php"] [unique_id "ajCxvspsKyvb75pkSvZ-JwABxyY"], referer: https://mywordsnthoughts.com/tag/mushroom-curries-side-dishes/page/2/
[Mon Jun 15 20:15:27.255345 2026] [security2:error] [pid 51003:tid 51232] [client 95.108.213.101:0] ModSecurity: Warning. Pattern match "301|404|302" at RESPONSE_STATUS. [file "/opt/mod_security/hg_rules.conf"] [line "1570"] [id "900934"] [msg "404 php LOGGING"] [data "302"] [hostname "demo.nxtal.com"] [uri "/ps/adminps/index.php/security/compromised"] [unique_id "ajCxv8psKyvb75pkSvZ-TAAAAfI"]
[Mon Jun 15 20:15:27.256432 2026] [security2:error] [pid 51003:tid 51234] [client 57.141.14.78:33586] ModSecurity: Warning. Pattern match "301|404|302" at RESPONSE_STATUS. [file "/opt/mod_security/hg_rules.conf"] [line "1570"] [id "900934"] [msg "404 php LOGGING"] [data "404"] [hostname "koyeldasguptanaha.com"] [uri "/index.php"] [unique_id "ajCxv8psKyvb75pkSvZ-RwAB9A4"]
[Mon Jun 15 20:15:27.268460 2026] [security2:error] [pid 51003:tid 51235] [client 95.108.213.101:42464] ModSecurity: Warning. Pattern match "301|404|302" at RESPONSE_STATUS. [file "/opt/mod_security/hg_rules.conf"] [line "1570"] [id "900934"] [msg "404 php LOGGING"] [data "302"] [hostname "demo.nxtal.com"] [uri "/ps/adminps/index.php/security/compromised"] [unique_id "ajCxv8psKyvb75pkSvZ-RgAB9Rw"]
[Mon Jun 15 20:15:27.504311 2026] [security2:error] [pid 51003:tid 51094] [remote 91.146.102.43:46394] ModSecurity: Access denied with code 409 (phase 1). RBL lookup of 43.102.146.91.testwprbl.websitewelcome.com succeeded at REMOTE_ADDR. [file "/opt/mod_security/hg_rules.conf"] [line "176"] [id "900407"] [msg "Wordpress and Joomla Brute RBL: testwprbl.websitewelcome.com"] [hostname "strategicdarshan.in"] [uri "/wp-login.php"] [unique_id "ajCxv8psKyvb75pkSvZ-WwABzlo"]
[Mon Jun 15 20:15:27.691029 2026] [security2:error] [pid 51003:tid 51135] [client 104.207.59.194:18449] ModSecurity: Warning. Pattern match "301|404|302" at RESPONSE_STATUS. [file "/opt/mod_security/hg_rules.conf"] [line "1570"] [id "900934"] [msg "404 php LOGGING"] [data "404"] [hostname "procrastinatingworker.com"] [uri "/index.php"] [unique_id "ajCxv8psKyvb75pkSvZ-YAAAAZE"]
[Mon Jun 15 20:15:27.700104 2026] [security2:error] [pid 51003:tid 51145] [client 151.123.176.10:15255] ModSecurity: Access denied with code 409 (phase 1). RBL lookup of 10.176.123.151.testwprbl.websitewelcome.com succeeded at REMOTE_ADDR. [file "/opt/mod_security/hg_rules.conf"] [line "176"] [id "900407"] [msg "Wordpress and Joomla Brute RBL: testwprbl.websitewelcome.com"] [hostname "rajunandkardeputycollector.blog"] [uri "/wp-login.php"] [unique_id "ajCxv8psKyvb75pkSvZ-YgAAAZs"], referer: https://rajunandkardeputycollector.blog/wp-login.php
[Mon Jun 15 20:15:27.761057 2026] [security2:error] [pid 51003:tid 51229] [client 91.245.154.159:0] ModSecurity: Warning. Pattern match "301|404|302" at RESPONSE_STATUS. [file "/opt/mod_security/hg_rules.conf"] [line "1570"] [id "900934"] [msg "404 php LOGGING"] [data "404"] [hostname "kthemani.com"] [uri "/index.php"] [unique_id "ajCxvcpsKyvb75pkSvZ-GAAAAe8"]
[Mon Jun 15 20:15:27.769953 2026] [security2:error] [pid 51003:tid 51139] [client 47.79.206.165:0] ModSecurity: Warning. Pattern match "301|404|302" at RESPONSE_STATUS. [file "/opt/mod_security/hg_rules.conf"] [line "1570"] [id "900934"] [msg "404 php LOGGING"] [data "301"] [hostname "societytodaynews.com"] [uri "/index.php"] [unique_id "ajCxv8psKyvb75pkSvZ-XwAAAZU"], referer: https://www.google.com/
[Mon Jun 15 20:15:27.770477 2026] [security2:error] [pid 51003:tid 51104] [remote 91.146.102.43:46394] ModSecurity: Access denied with code 409 (phase 1). RBL lookup of 43.102.146.91.testwprbl.websitewelcome.com succeeded at REMOTE_ADDR. [file "/opt/mod_security/hg_rules.conf"] [line "176"] [id "900407"] [msg "Wordpress and Joomla Brute RBL: testwprbl.websitewelcome.com"] [hostname "strategicdarshan.in"] [uri "/wp-login.php"] [unique_id "ajCxv8psKyvb75pkSvZ-ZwAB5GQ"], referer: https://strategicdarshan.in/wp-login.php
[Mon Jun 15 20:15:28.154857 2026] [security2:error] [pid 51003:tid 51247] [client 98.147.231.18:0] ModSecurity: Warning. Pattern match "301|404|302" at RESPONSE_STATUS. [file "/opt/mod_security/hg_rules.conf"] [line "1570"] [id "900934"] [msg "404 php LOGGING"] [data "301"] [hostname "mywordsnthoughts.com"] [uri "/index.php"] [unique_id "ajCxv8psKyvb75pkSvZ-agACAVc"]
[Mon Jun 15 20:15:28.257233 2026] [security2:error] [pid 51003:tid 51147] [client 45.3.36.32:54065] ModSecurity: Access denied with code 409 (phase 1). RBL lookup of 32.36.3.45.testwprbl.websitewelcome.com succeeded at REMOTE_ADDR. [file "/opt/mod_security/hg_rules.conf"] [line "176"] [id "900407"] [msg "Wordpress and Joomla Brute RBL: testwprbl.websitewelcome.com"] [hostname "rajunandkardeputycollector.blog"] [uri "/wp-login.php"] [unique_id "ajCxwMpsKyvb75pkSvZ-ewAAAZ0"], referer: https://rajunandkardeputycollector.blog/wp-login.php
[Mon Jun 15 20:15:28.456062 2026] [security2:error] [pid 51003:tid 51153] [client 213.180.203.158:0] ModSecurity: Warning. Pattern match "301|404|302" at RESPONSE_STATUS. [file "/opt/mod_security/hg_rules.conf"] [line "1570"] [id "900934"] [msg "404 php LOGGING"] [data "302"] [hostname "demo.nxtal.com"] [uri "/ps/adminps/index.php/security/compromised"] [unique_id "ajCxwMpsKyvb75pkSvZ-hAAAAaM"]
[Mon Jun 15 20:15:28.470272 2026] [security2:error] [pid 51003:tid 51233] [client 213.180.203.158:34638] ModSecurity: Warning. Pattern match "301|404|302" at RESPONSE_STATUS. [file "/opt/mod_security/hg_rules.conf"] [line "1570"] [id "900934"] [msg "404 php LOGGING"] [data "302"] [hostname "demo.nxtal.com"] [uri "/ps/adminps/index.php/security/compromised"] [unique_id "ajCxwMpsKyvb75pkSvZ-fwAB8wI"]
[Mon Jun 15 20:15:28.630443 2026] [security2:error] [pid 51003:tid 51254] [client 57.141.14.56:42836] ModSecurity: Warning. Pattern match "301|404|302" at RESPONSE_STATUS. [file "/opt/mod_security/hg_rules.conf"] [line "1570"] [id "900934"] [msg "404 php LOGGING"] [data "404"] [hostname "koyeldasguptanaha.com"] [uri "/index.php"] [unique_id "ajCxwMpsKyvb75pkSvZ-hwACCFU"]
[Mon Jun 15 20:15:28.805660 2026] [security2:error] [pid 51003:tid 51145] [client 104.207.58.176:42897] ModSecurity: Access denied with code 409 (phase 1). RBL lookup of 176.58.207.104.testwprbl.websitewelcome.com succeeded at REMOTE_ADDR. [file "/opt/mod_security/hg_rules.conf"] [line "176"] [id "900407"] [msg "Wordpress and Joomla Brute RBL: testwprbl.websitewelcome.com"] [hostname "rajunandkardeputycollector.blog"] [uri "/wp-login.php"] [unique_id "ajCxwMpsKyvb75pkSvZ-mAAAAZs"], referer: https://rajunandkardeputycollector.blog/wp-login.php
[Mon Jun 15 20:15:29.040981 2026] [security2:error] [pid 51003:tid 51022] [remote 103.127.30.137:49634] ModSecurity: Access denied with code 409 (phase 1). RBL lookup of 137.30.127.103.testwprbl.websitewelcome.com succeeded at REMOTE_ADDR. [file "/opt/mod_security/hg_rules.conf"] [line "176"] [id "900407"] [msg "Wordpress and Joomla Brute RBL: testwprbl.websitewelcome.com"] [hostname "rkhomes.org"] [uri "/wp-login.php"] [unique_id "ajCxwcpsKyvb75pkSvZ-nwAB8hI"]
[Mon Jun 15 20:15:29.182682 2026] [security2:error] [pid 51003:tid 51159] [client 95.108.213.143:0] ModSecurity: Warning. Pattern match "301|404|302" at RESPONSE_STATUS. [file "/opt/mod_security/hg_rules.conf"] [line "1570"] [id "900934"] [msg "404 php LOGGING"] [data "302"] [hostname "demo.nxtal.com"] [uri "/ps/adminps/index.php/security/compromised"] [unique_id "ajCxwcpsKyvb75pkSvZ-pgAAAak"]
[Mon Jun 15 20:15:29.184807 2026] [security2:error] [pid 51003:tid 51142] [client 95.108.213.143:48694] ModSecurity: Warning. Pattern match "301|404|302" at RESPONSE_STATUS. [file "/opt/mod_security/hg_rules.conf"] [line "1570"] [id "900934"] [msg "404 php LOGGING"] [data "302"] [hostname "demo.nxtal.com"] [uri "/ps/adminps/index.php/security/compromised"] [unique_id "ajCxwcpsKyvb75pkSvZ-oQABmHY"]
[Mon Jun 15 20:15:29.244344 2026] [security2:error] [pid 51003:tid 51251] [client 57.141.14.6:0] ModSecurity: Warning. Pattern match "301|404|302" at RESPONSE_STATUS. [file "/opt/mod_security/hg_rules.conf"] [line "1570"] [id "900934"] [msg "404 php LOGGING"] [data "404"] [hostname "kthemani.com"] [uri "/index.php"] [unique_id "ajCxv8psKyvb75pkSvZ-TgAAAgU"]
[Mon Jun 15 20:15:29.317574 2026] [proxy:error] [pid 51003:tid 51143] (111)Connection refused: AH00957: http: attempt to connect to 127.0.0.1:2079 (127.0.0.1:2079) failed
[Mon Jun 15 20:15:29.317613 2026] [proxy_http:error] [pid 51003:tid 51143] [client 84.17.60.251:36880] AH01114: HTTP: failed to make connection to backend: 127.0.0.1
[Mon Jun 15 20:15:29.318291 2026] [proxy:error] [pid 51003:tid 51143] (111)Connection refused: AH00957: http: attempt to connect to 127.0.0.1:2079 (127.0.0.1:2079) failed
[Mon Jun 15 20:15:29.318338 2026] [proxy_http:error] [pid 51003:tid 51143] [client 84.17.60.251:36880] AH01114: HTTP: failed to make connection to backend: 127.0.0.1
[Mon Jun 15 20:15:29.389161 2026] [security2:error] [pid 51003:tid 51233] [client 65.111.10.167:18743] ModSecurity: Access denied with code 409 (phase 1). RBL lookup of 167.10.111.65.testwprbl.websitewelcome.com succeeded at REMOTE_ADDR. [file "/opt/mod_security/hg_rules.conf"] [line "176"] [id "900407"] [msg "Wordpress and Joomla Brute RBL: testwprbl.websitewelcome.com"] [hostname "rajunandkardeputycollector.blog"] [uri "/wp-login.php"] [unique_id "ajCxwcpsKyvb75pkSvZ-rgAAAfM"], referer: https://rajunandkardeputycollector.blog/wp-login.php
[Mon Jun 15 20:15:29.617103 2026] [proxy:error] [pid 51003:tid 51178] (111)Connection refused: AH00957: http: attempt to connect to 127.0.0.1:2079 (127.0.0.1:2079) failed
[Mon Jun 15 20:15:29.617159 2026] [proxy_http:error] [pid 51003:tid 51178] [client 84.17.60.251:36894] AH01114: HTTP: failed to make connection to backend: 127.0.0.1
[Mon Jun 15 20:15:29.617909 2026] [proxy:error] [pid 51003:tid 51178] (111)Connection refused: AH00957: http: attempt to connect to 127.0.0.1:2079 (127.0.0.1:2079) failed
[Mon Jun 15 20:15:29.617953 2026] [proxy_http:error] [pid 51003:tid 51178] [client 84.17.60.251:36894] AH01114: HTTP: failed to make connection to backend: 127.0.0.1
[Mon Jun 15 20:15:29.622431 2026] [security2:error] [pid 51003:tid 51174] [client 57.141.14.85:29746] ModSecurity: Warning. Pattern match "301|404|302" at RESPONSE_STATUS. [file "/opt/mod_security/hg_rules.conf"] [line "1570"] [id "900934"] [msg "404 php LOGGING"] [data "404"] [hostname "koyeldasguptanaha.com"] [uri "/index.php"] [unique_id "ajCxwcpsKyvb75pkSvZ-twABuFM"]
[Mon Jun 15 20:15:29.746781 2026] [security2:error] [pid 51003:tid 51112] [remote 103.127.30.137:49634] ModSecurity: Access denied with code 409 (phase 1). RBL lookup of 137.30.127.103.testwprbl.websitewelcome.com succeeded at REMOTE_ADDR. [file "/opt/mod_security/hg_rules.conf"] [line "176"] [id "900407"] [msg "Wordpress and Joomla Brute RBL: testwprbl.websitewelcome.com"] [hostname "rkhomes.org"] [uri "/wp-login.php"] [unique_id "ajCxwcpsKyvb75pkSvZ-xwAB-2w"], referer: https://rkhomes.org/wp-login.php
[Mon Jun 15 20:15:29.775443 2026] [security2:error] [pid 51003:tid 51137] [client 5.255.231.33:0] ModSecurity: Warning. Pattern match "301|404|302" at RESPONSE_STATUS. [file "/opt/mod_security/hg_rules.conf"] [line "1570"] [id "900934"] [msg "404 php LOGGING"] [data "302"] [hostname "demo.nxtal.com"] [uri "/ps/adminps/index.php/security/compromised"] [unique_id "ajCxwcpsKyvb75pkSvZ-yAAAAZM"]
[Mon Jun 15 20:15:29.777533 2026] [security2:error] [pid 51003:tid 51152] [client 5.255.231.33:35458] ModSecurity: Warning. Pattern match "301|404|302" at RESPONSE_STATUS. [file "/opt/mod_security/hg_rules.conf"] [line "1570"] [id "900934"] [msg "404 php LOGGING"] [data "302"] [hostname "demo.nxtal.com"] [uri "/ps/adminps/index.php/security/compromised"] [unique_id "ajCxwcpsKyvb75pkSvZ-vwABoks"]
[Mon Jun 15 20:15:29.869927 2026] [security2:error] [pid 51003:tid 51252] [client 168.144.82.64:0] ModSecurity: Warning. Pattern match "301|404|302" at RESPONSE_STATUS. [file "/opt/mod_security/hg_rules.conf"] [line "1570"] [id "900934"] [msg "404 php LOGGING"] [data "302"] [hostname "rkhomes.org"] [uri "/index.php"] [unique_id "ajCxwcpsKyvb75pkSvZ-zAAAAgY"], referer: https://rkhomes.org/
[Mon Jun 15 20:15:29.905156 2026] [security2:error] [pid 51003:tid 51167] [client 84.17.60.251:36896] ModSecurity: Access denied with code 406 (phase 1). Pattern match "/wp-includes/wlwmanifest\\\\.xml" at REQUEST_URI. [file "/opt/mod_security/hg_rules.conf"] [line "1541"] [id "900920"] [msg "wlwmanifest spam rule"] [hostname "cpcalendars.buyndrive.in"] [uri "/wp-includes/wlwmanifest.xml"] [unique_id "ajCxwcpsKyvb75pkSvZ-zwAAAbE"]
[Mon Jun 15 20:15:29.968190 2026] [security2:error] [pid 51003:tid 51155] [client 104.207.51.214:46497] ModSecurity: Access denied with code 409 (phase 1). RBL lookup of 214.51.207.104.testwprbl.websitewelcome.com succeeded at REMOTE_ADDR. [file "/opt/mod_security/hg_rules.conf"] [line "176"] [id "900407"] [msg "Wordpress and Joomla Brute RBL: testwprbl.websitewelcome.com"] [hostname "rajunandkardeputycollector.blog"] [uri "/wp-login.php"] [unique_id "ajCxwcpsKyvb75pkSvZ-0QAAAaU"], referer: https://rajunandkardeputycollector.blog/wp-login.php
[Mon Jun 15 20:15:30.231046 2026] [security2:error] [pid 51003:tid 51147] [client 47.79.205.241:0] ModSecurity: Warning. Pattern match "301|404|302" at RESPONSE_STATUS. [file "/opt/mod_security/hg_rules.conf"] [line "1570"] [id "900934"] [msg "404 php LOGGING"] [data "301"] [hostname "societytodaynews.com"] [uri "/index.php"] [unique_id "ajCxwspsKyvb75pkSvZ-1gAAAZ0"], referer: https://www.google.com/
[Mon Jun 15 20:15:30.248714 2026] [security2:error] [pid 51003:tid 51181] [client 84.17.60.251:36910] ModSecurity: Access denied with code 409 (phase 1). RBL lookup of 251.60.17.84.testwprbl.websitewelcome.com succeeded at REMOTE_ADDR. [file "/opt/mod_security/hg_rules.conf"] [line "176"] [id "900407"] [msg "Wordpress and Joomla Brute RBL: testwprbl.websitewelcome.com"] [hostname "cpcalendars.buyndrive.in"] [uri "/xmlrpc.php"] [unique_id "ajCxwspsKyvb75pkSvZ-5AAAAb8"]
[Mon Jun 15 20:15:30.254880 2026] [security2:error] [pid 51003:tid 51214] [client 213.180.203.167:0] ModSecurity: Warning. Pattern match "301|404|302" at RESPONSE_STATUS. [file "/opt/mod_security/hg_rules.conf"] [line "1570"] [id "900934"] [msg "404 php LOGGING"] [data "302"] [hostname "demo.nxtal.com"] [uri "/ps/adminps/index.php/security/compromised"] [unique_id "ajCxwspsKyvb75pkSvZ-5gAAAeA"]
[Mon Jun 15 20:15:30.269498 2026] [security2:error] [pid 51003:tid 51235] [client 213.180.203.167:54946] ModSecurity: Warning. Pattern match "301|404|302" at RESPONSE_STATUS. [file "/opt/mod_security/hg_rules.conf"] [line "1570"] [id "900934"] [msg "404 php LOGGING"] [data "302"] [hostname "demo.nxtal.com"] [uri "/ps/adminps/index.php/security/compromised"] [unique_id "ajCxwspsKyvb75pkSvZ-3QAB9Rk"]
[Mon Jun 15 20:15:30.547248 2026] [proxy:error] [pid 51003:tid 51200] (111)Connection refused: AH00957: http: attempt to connect to 127.0.0.1:2079 (127.0.0.1:2079) failed
[Mon Jun 15 20:15:30.547333 2026] [proxy_http:error] [pid 51003:tid 51200] [client 84.17.60.251:36918] AH01114: HTTP: failed to make connection to backend: 127.0.0.1
[Mon Jun 15 20:15:30.548246 2026] [proxy:error] [pid 51003:tid 51200] (111)Connection refused: AH00957: http: attempt to connect to 127.0.0.1:2079 (127.0.0.1:2079) failed
[Mon Jun 15 20:15:30.548280 2026] [proxy_http:error] [pid 51003:tid 51200] [client 84.17.60.251:36918] AH01114: HTTP: failed to make connection to backend: 127.0.0.1
[Mon Jun 15 20:15:30.713712 2026] [security2:error] [pid 51003:tid 51179] [client 116.179.32.34:12735] ModSecurity: Warning. Pattern match "301|404|302" at RESPONSE_STATUS. [file "/opt/mod_security/hg_rules.conf"] [line "1570"] [id "900934"] [msg "404 php LOGGING"] [data "301"] [hostname "spiritedblogger.com"] [uri "/index.php"] [unique_id "ajCxwcpsKyvb75pkSvZ-swABvWU"]
[Mon Jun 15 20:15:30.853902 2026] [security2:error] [pid 51003:tid 51193] [client 84.17.60.251:36930] ModSecurity: Access denied with code 406 (phase 1). Pattern match "/wp-includes/wlwmanifest\\\\.xml" at REQUEST_URI. [file "/opt/mod_security/hg_rules.conf"] [line "1541"] [id "900920"] [msg "wlwmanifest spam rule"] [hostname "cpcalendars.buyndrive.in"] [uri "/blog/wp-includes/wlwmanifest.xml"] [unique_id "ajCxwspsKyvb75pkSvZ_AQAAAcs"]
[Mon Jun 15 20:15:30.973487 2026] [security2:error] [pid 51003:tid 51216] [client 192.140.64.94:29845] ModSecurity: Access denied with code 406 (phase 2). Operator GT matched 0 at USER:bf_block. [file "/opt/mod_security/hg_rules.conf"] [line "1482"] [id "909121"] [msg "IP address blocked, too many xmlrpc.php failures"] [hostname "pepperic.com"] [uri "/xmlrpc.php"] [unique_id "ajCxwspsKyvb75pkSvZ_BgAAAeI"]
[Mon Jun 15 20:15:30.980050 2026] [security2:error] [pid 51003:tid 51216] [client 192.140.64.94:29845] ModSecurity: Warning. Pattern match "POST" at REQUEST_METHOD. [file "/opt/mod_security/hg_rules.conf"] [line "151"] [id "900405"] [msg "xmlrpc POST logging"] [data "406"] [hostname "pepperic.com"] [uri "/xmlrpc.php"] [unique_id "ajCxwspsKyvb75pkSvZ_BgAAAeI"]
[Mon Jun 15 20:15:31.036294 2026] [security2:error] [pid 51003:tid 51240] [client 95.108.213.213:0] ModSecurity: Warning. Pattern match "301|404|302" at RESPONSE_STATUS. [file "/opt/mod_security/hg_rules.conf"] [line "1570"] [id "900934"] [msg "404 php LOGGING"] [data "302"] [hostname "demo.nxtal.com"] [uri "/ps/adminps/index.php/security/compromised"] [unique_id "ajCxwspsKyvb75pkSvZ_BwAAAfo"]
[Mon Jun 15 20:15:31.037735 2026] [security2:error] [pid 51003:tid 51141] [client 95.108.213.213:47306] ModSecurity: Warning. Pattern match "301|404|302" at RESPONSE_STATUS. [file "/opt/mod_security/hg_rules.conf"] [line "1570"] [id "900934"] [msg "404 php LOGGING"] [data "302"] [hostname "demo.nxtal.com"] [uri "/ps/adminps/index.php/security/compromised"] [unique_id "ajCxwspsKyvb75pkSvZ-_gABl0g"]
[Mon Jun 15 20:15:31.147688 2026] [security2:error] [pid 51003:tid 51213] [client 84.17.60.251:36946] ModSecurity: Access denied with code 406 (phase 1). Pattern match "/wp-includes/wlwmanifest\\\\.xml" at REQUEST_URI. [file "/opt/mod_security/hg_rules.conf"] [line "1541"] [id "900920"] [msg "wlwmanifest spam rule"] [hostname "cpcalendars.buyndrive.in"] [uri "/web/wp-includes/wlwmanifest.xml"] [unique_id "ajCxw8psKyvb75pkSvZ_DgAAAd8"]
[Mon Jun 15 20:15:31.253351 2026] [security2:error] [pid 51003:tid 51205] [client 213.180.203.137:0] ModSecurity: Warning. Pattern match "301|404|302" at RESPONSE_STATUS. [file "/opt/mod_security/hg_rules.conf"] [line "1570"] [id "900934"] [msg "404 php LOGGING"] [data "302"] [hostname "demo.nxtal.com"] [uri "/ps/adminps/index.php/security/compromised"] [unique_id "ajCxw8psKyvb75pkSvZ_EAAAAdc"]
[Mon Jun 15 20:15:31.267192 2026] [security2:error] [pid 51003:tid 51121] [remote 184.107.244.93:41212] ModSecurity: Access denied with code 409 (phase 1). RBL lookup of 93.244.107.184.testwprbl.websitewelcome.com succeeded at REMOTE_ADDR. [file "/opt/mod_security/hg_rules.conf"] [line "176"] [id "900407"] [msg "Wordpress and Joomla Brute RBL: testwprbl.websitewelcome.com"] [hostname "mail.blackhorsespac.com"] [uri "/wp-login.php"] [unique_id "ajCxw8psKyvb75pkSvZ_EwABynU"]
[Mon Jun 15 20:15:31.272474 2026] [security2:error] [pid 51003:tid 51165] [client 213.180.203.137:57052] ModSecurity: Warning. Pattern match "301|404|302" at RESPONSE_STATUS. [file "/opt/mod_security/hg_rules.conf"] [line "1570"] [id "900934"] [msg "404 php LOGGING"] [data "302"] [hostname "demo.nxtal.com"] [uri "/ps/adminps/index.php/security/compromised"] [unique_id "ajCxw8psKyvb75pkSvZ_CwABr38"]
[Mon Jun 15 20:15:31.446084 2026] [security2:error] [pid 51003:tid 51243] [client 84.17.60.251:36948] ModSecurity: Access denied with code 406 (phase 1). Pattern match "/wp-includes/wlwmanifest\\\\.xml" at REQUEST_URI. [file "/opt/mod_security/hg_rules.conf"] [line "1541"] [id "900920"] [msg "wlwmanifest spam rule"] [hostname "cpcalendars.buyndrive.in"] [uri "/wordpress/wp-includes/wlwmanifest.xml"] [unique_id "ajCxw8psKyvb75pkSvZ_GgAAAf0"]
[Mon Jun 15 20:15:31.515098 2026] [security2:error] [pid 51003:tid 51134] [client 39.33.178.40:0] ModSecurity: Access denied with code 409 (phase 2). Match of "rx ^/monarx-analyzer.php" against "REQUEST_URI" required. [file "/opt/mod_security/botprotection.conf"] [line "1"] [id "901020"] [msg "TRANSPARENT BOT PROTECTION ADDED BY MONITORING DO NOT WHITELIST"] [hostname "www.vernes.co.uk"] [uri "/"] [unique_id "ajCxw8psKyvb75pkSvZ_IAAAAZA"]
[Mon Jun 15 20:15:31.534692 2026] [security2:error] [pid 51003:tid 51222] [client 57.141.14.31:33380] ModSecurity: Warning. Pattern match "301|404|302" at RESPONSE_STATUS. [file "/opt/mod_security/hg_rules.conf"] [line "1570"] [id "900934"] [msg "404 php LOGGING"] [data "404"] [hostname "koyeldasguptanaha.com"] [uri "/index.php"] [unique_id "ajCxw8psKyvb75pkSvZ_GAAB6HQ"]
[Mon Jun 15 20:15:31.543606 2026] [security2:error] [pid 51003:tid 51109] [remote 184.107.244.93:41212] ModSecurity: Access denied with code 409 (phase 1). RBL lookup of 93.244.107.184.testwprbl.websitewelcome.com succeeded at REMOTE_ADDR. [file "/opt/mod_security/hg_rules.conf"] [line "176"] [id "900407"] [msg "Wordpress and Joomla Brute RBL: testwprbl.websitewelcome.com"] [hostname "mail.blackhorsespac.com"] [uri "/wp-login.php"] [unique_id "ajCxw8psKyvb75pkSvZ_IgAB5mk"], referer: https://mail.blackhorsespac.com/wp-login.php
[Mon Jun 15 20:15:31.674400 2026] [security2:error] [pid 51003:tid 51227] [client 5.255.231.114:0] ModSecurity: Warning. Pattern match "301|404|302" at RESPONSE_STATUS. [file "/opt/mod_security/hg_rules.conf"] [line "1570"] [id "900934"] [msg "404 php LOGGING"] [data "302"] [hostname "demo.nxtal.com"] [uri "/ps/adminps/index.php/security/compromised"] [unique_id "ajCxw8psKyvb75pkSvZ_JgAAAe0"]
[Mon Jun 15 20:15:31.715018 2026] [security2:error] [pid 51003:tid 51164] [client 5.255.231.114:60776] ModSecurity: Warning. Pattern match "301|404|302" at RESPONSE_STATUS. [file "/opt/mod_security/hg_rules.conf"] [line "1570"] [id "900934"] [msg "404 php LOGGING"] [data "302"] [hostname "demo.nxtal.com"] [uri "/ps/adminps/index.php/security/compromised"] [unique_id "ajCxw8psKyvb75pkSvZ_IwABrkc"]
[Mon Jun 15 20:15:31.743064 2026] [security2:error] [pid 51003:tid 51175] [client 84.17.60.251:36954] ModSecurity: Access denied with code 406 (phase 1). Pattern match "/wp-includes/wlwmanifest\\\\.xml" at REQUEST_URI. [file "/opt/mod_security/hg_rules.conf"] [line "1541"] [id "900920"] [msg "wlwmanifest spam rule"] [hostname "cpcalendars.buyndrive.in"] [uri "/website/wp-includes/wlwmanifest.xml"] [unique_id "ajCxw8psKyvb75pkSvZ_LAAAAbk"]
[Mon Jun 15 20:15:31.869435 2026] [security2:error] [pid 51003:tid 51204] [client 145.14.143.23:0] ModSecurity: Warning. Pattern match "301|404|302" at RESPONSE_STATUS. [file "/opt/mod_security/hg_rules.conf"] [line "1570"] [id "900934"] [msg "404 php LOGGING"] [data "404"] [hostname "mywordsnthoughts.com"] [uri "/index.php"] [unique_id "ajCxw8psKyvb75pkSvZ_FwAB1gg"], referer: https://mywordsnthoughts.com/myworld/a-return-journey-to-the-nostalgic-days-of-ration-shops-ration-kada/
[Mon Jun 15 20:15:31.873415 2026] [security2:error] [pid 51003:tid 51241] [client 145.14.143.23:0] ModSecurity: Warning. Pattern match "301|404|302" at RESPONSE_STATUS. [file "/opt/mod_security/hg_rules.conf"] [line "1570"] [id "900934"] [msg "404 php LOGGING"] [data "404"] [hostname "mywordsnthoughts.com"] [uri "/index.php"] [unique_id "ajCxw8psKyvb75pkSvZ_GQAB-3c"], referer: https://mywordsnthoughts.com/myworld/a-return-journey-to-the-nostalgic-days-of-ration-shops-ration-kada/
[Mon Jun 15 20:15:31.907945 2026] [security2:error] [pid 51003:tid 51085] [remote 139.59.150.41:44944] ModSecurity: Access denied with code 409 (phase 1). RBL lookup of 41.150.59.139.testwprbl.websitewelcome.com succeeded at REMOTE_ADDR. [file "/opt/mod_security/hg_rules.conf"] [line "176"] [id "900407"] [msg "Wordpress and Joomla Brute RBL: testwprbl.websitewelcome.com"] [hostname "theelitecreations.com"] [uri "/wp-login.php"] [unique_id "ajCxw8psKyvb75pkSvZ_TQAB_VE"]
[Mon Jun 15 20:15:31.945901 2026] [security2:error] [pid 51003:tid 51180] [client 45.170.65.126:0] ModSecurity: Warning. Pattern match "301|404|302" at RESPONSE_STATUS. [file "/opt/mod_security/hg_rules.conf"] [line "1570"] [id "900934"] [msg "404 php LOGGING"] [data "301"] [hostname "www.kthemani.com"] [uri "/index.php"] [unique_id "ajCxwcpsKyvb75pkSvZ-0gABvh8"]
[Mon Jun 15 20:15:32.032789 2026] [security2:error] [pid 51003:tid 51140] [client 57.141.14.82:53476] ModSecurity: Warning. Pattern match "301|404|302" at RESPONSE_STATUS. [file "/opt/mod_security/hg_rules.conf"] [line "1570"] [id "900934"] [msg "404 php LOGGING"] [data "404"] [hostname "koyeldasguptanaha.com"] [uri "/index.php"] [unique_id "ajCxw8psKyvb75pkSvZ_TgABlg8"]
[Mon Jun 15 20:15:32.040962 2026] [security2:error] [pid 51003:tid 51230] [client 84.17.60.251:36960] ModSecurity: Access denied with code 406 (phase 1). Pattern match "/wp-includes/wlwmanifest\\\\.xml" at REQUEST_URI. [file "/opt/mod_security/hg_rules.conf"] [line "1541"] [id "900920"] [msg "wlwmanifest spam rule"] [hostname "cpcalendars.buyndrive.in"] [uri "/wp/wp-includes/wlwmanifest.xml"] [unique_id "ajCxxMpsKyvb75pkSvZ_WQAAAfA"]
[Mon Jun 15 20:15:32.200317 2026] [security2:error] [pid 51003:tid 51176] [client 95.108.213.209:0] ModSecurity: Warning. Pattern match "301|404|302" at RESPONSE_STATUS. [file "/opt/mod_security/hg_rules.conf"] [line "1570"] [id "900934"] [msg "404 php LOGGING"] [data "302"] [hostname "demo.nxtal.com"] [uri "/ps/adminps/index.php/security/compromised"] [unique_id "ajCxxMpsKyvb75pkSvZ_ZQAAAbo"]
[Mon Jun 15 20:15:32.240777 2026] [security2:error] [pid 51003:tid 51253] [client 95.108.213.209:48798] ModSecurity: Warning. Pattern match "301|404|302" at RESPONSE_STATUS. [file "/opt/mod_security/hg_rules.conf"] [line "1570"] [id "900934"] [msg "404 php LOGGING"] [data "302"] [hostname "demo.nxtal.com"] [uri "/ps/adminps/index.php/security/compromised"] [unique_id "ajCxxMpsKyvb75pkSvZ_XgACBwM"]
[Mon Jun 15 20:15:32.375383 2026] [security2:error] [pid 51003:tid 51204] [client 84.17.60.251:36966] ModSecurity: Access denied with code 406 (phase 1). Pattern match "/wp-includes/wlwmanifest\\\\.xml" at REQUEST_URI. [file "/opt/mod_security/hg_rules.conf"] [line "1541"] [id "900920"] [msg "wlwmanifest spam rule"] [hostname "cpcalendars.buyndrive.in"] [uri "/news/wp-includes/wlwmanifest.xml"] [unique_id "ajCxxMpsKyvb75pkSvZ_bgAAAdY"]
[Mon Jun 15 20:15:32.487298 2026] [proxy:error] [pid 51003:tid 51058] (111)Connection refused: AH00957: http: attempt to connect to 127.0.0.1:2079 (127.0.0.1:2079) failed
[Mon Jun 15 20:15:32.487357 2026] [proxy_http:error] [pid 51003:tid 51058] [remote 51.81.245.138:33740] AH01114: HTTP: failed to make connection to backend: 127.0.0.1
[Mon Jun 15 20:15:32.488287 2026] [proxy:error] [pid 51003:tid 51058] (111)Connection refused: AH00957: http: attempt to connect to 127.0.0.1:2079 (127.0.0.1:2079) failed
[Mon Jun 15 20:15:32.488335 2026] [proxy_http:error] [pid 51003:tid 51058] [remote 51.81.245.138:33740] AH01114: HTTP: failed to make connection to backend: 127.0.0.1
[Mon Jun 15 20:15:32.522716 2026] [autoindex:error] [pid 51003:tid 51025] [remote 51.81.245.138:33752] AH01276: Cannot serve directory /home1/rugqjjmy/public_html/everestindgrp/: No matching DirectoryIndex (index.html.var,index.htm,index.html,index.shtml,index.xhtml,index.wml,index.perl,index.pl,index.plx,index.ppl,index.cgi,index.jsp,index.js,index.jp,index.php4,index.php3,index.php,index.phtml,default.htm,default.html,home.htm,index.php5,Default.html,Default.htm,home.html) found, and server-generated directory index forbidden by Options directive
[Mon Jun 15 20:15:32.666946 2026] [security2:error] [pid 51003:tid 51145] [client 84.17.60.251:36970] ModSecurity: Access denied with code 406 (phase 1). Pattern match "/wp-includes/wlwmanifest\\\\.xml" at REQUEST_URI. [file "/opt/mod_security/hg_rules.conf"] [line "1541"] [id "900920"] [msg "wlwmanifest spam rule"] [hostname "cpcalendars.buyndrive.in"] [uri "/2018/wp-includes/wlwmanifest.xml"] [unique_id "ajCxxMpsKyvb75pkSvZ_egAAAZs"]
[Mon Jun 15 20:15:32.728183 2026] [security2:error] [pid 51003:tid 51219] [client 104.207.59.194:0] ModSecurity: Warning. Pattern match "301|404|302" at RESPONSE_STATUS. [file "/opt/mod_security/hg_rules.conf"] [line "1570"] [id "900934"] [msg "404 php LOGGING"] [data "404"] [hostname "procrastinatingworker.com"] [uri "/index.php"] [unique_id "ajCxxMpsKyvb75pkSvZ_dwAAAeU"]
[Mon Jun 15 20:15:32.739688 2026] [security2:error] [pid 51003:tid 51157] [client 5.255.231.116:0] ModSecurity: Warning. Pattern match "301|404|302" at RESPONSE_STATUS. [file "/opt/mod_security/hg_rules.conf"] [line "1570"] [id "900934"] [msg "404 php LOGGING"] [data "302"] [hostname "demo.nxtal.com"] [uri "/ps/adminps/index.php/security/compromised"] [unique_id "ajCxxMpsKyvb75pkSvZ_ewAAAac"]
[Mon Jun 15 20:15:32.784364 2026] [security2:error] [pid 51003:tid 51242] [client 5.255.231.116:47352] ModSecurity: Warning. Pattern match "301|404|302" at RESPONSE_STATUS. [file "/opt/mod_security/hg_rules.conf"] [line "1570"] [id "900934"] [msg "404 php LOGGING"] [data "302"] [hostname "demo.nxtal.com"] [uri "/ps/adminps/index.php/security/compromised"] [unique_id "ajCxxMpsKyvb75pkSvZ_dAAB_GQ"]
[Mon Jun 15 20:15:32.969378 2026] [security2:error] [pid 51003:tid 51207] [client 84.17.60.251:36980] ModSecurity: Access denied with code 406 (phase 1). Pattern match "/wp-includes/wlwmanifest\\\\.xml" at REQUEST_URI. [file "/opt/mod_security/hg_rules.conf"] [line "1541"] [id "900920"] [msg "wlwmanifest spam rule"] [hostname "cpcalendars.buyndrive.in"] [uri "/2019/wp-includes/wlwmanifest.xml"] [unique_id "ajCxxMpsKyvb75pkSvZ_ggAAAdk"]
[Mon Jun 15 20:15:33.078495 2026] [security2:error] [pid 51003:tid 51256] [client 110.249.202.120:50450] ModSecurity: Access denied with code 406 (phase 1). Pattern match "ZoominfoBot|NetcraftSurveyAgent|MJ12bot|(?i:BUbiNG)|D(?i:otbot)| oBot/|MegaIndex\\\\.ru|Barkrowler|Spbot|DomainCrawler|Seznam|CCBot|SiteExplorer|OpenLinkProfiler|Sogou web spider|360Spider|Semrush|Panscient|crawler\\\\.feedback([+]\\\\S+)?@gmail\\\\.com|MauiBo ..." at REQUEST_HEADERS:User-Agent. [file "/opt/mod_security/hg_rules.conf"] [line "585"] [id "999812"] [msg "Problematic Crawler"] [hostname "mahavirgems.co.in"] [uri "/robots.txt"] [unique_id "ajCxxcpsKyvb75pkSvZ_gwAAAgo"]
[Mon Jun 15 20:15:33.267552 2026] [security2:error] [pid 51003:tid 51135] [client 84.17.60.251:36986] ModSecurity: Access denied with code 406 (phase 1). Pattern match "/wp-includes/wlwmanifest\\\\.xml" at REQUEST_URI. [file "/opt/mod_security/hg_rules.conf"] [line "1541"] [id "900920"] [msg "wlwmanifest spam rule"] [hostname "cpcalendars.buyndrive.in"] [uri "/shop/wp-includes/wlwmanifest.xml"] [unique_id "ajCxxcpsKyvb75pkSvZ_igAAAZE"]
[Mon Jun 15 20:15:33.289277 2026] [security2:error] [pid 51003:tid 51233] [client 54.176.66.62:56294] ModSecurity: Warning. Pattern match "301|404|302" at RESPONSE_STATUS. [file "/opt/mod_security/hg_rules.conf"] [line "1570"] [id "900934"] [msg "404 php LOGGING"] [data "301"] [hostname "www.spiritedblogger.com"] [uri "/index.php"] [unique_id "ajCxxcpsKyvb75pkSvZ_hQAAAfM"]
[Mon Jun 15 20:15:33.323471 2026] [security2:error] [pid 51003:tid 51198] [client 54.176.66.62:54376] ModSecurity: Warning. Pattern match "301|404|302" at RESPONSE_STATUS. [file "/opt/mod_security/hg_rules.conf"] [line "1570"] [id "900934"] [msg "404 php LOGGING"] [data "301"] [hostname "www.spiritedblogger.com"] [uri "/index.php"] [unique_id "ajCxxcpsKyvb75pkSvZ_iAAAAdA"]
[Mon Jun 15 20:15:33.433787 2026] [security2:error] [pid 51003:tid 51192] [client 213.180.203.101:0] ModSecurity: Warning. Pattern match "301|404|302" at RESPONSE_STATUS. [file "/opt/mod_security/hg_rules.conf"] [line "1570"] [id "900934"] [msg "404 php LOGGING"] [data "302"] [hostname "demo.nxtal.com"] [uri "/ps/adminps/index.php/security/compromised"] [unique_id "ajCxxcpsKyvb75pkSvZ_lAAAAco"]
[Mon Jun 15 20:15:33.453122 2026] [security2:error] [pid 51003:tid 51139] [client 213.180.203.101:44876] ModSecurity: Warning. Pattern match "301|404|302" at RESPONSE_STATUS. [file "/opt/mod_security/hg_rules.conf"] [line "1570"] [id "900934"] [msg "404 php LOGGING"] [data "302"] [hostname "demo.nxtal.com"] [uri "/ps/adminps/index.php/security/compromised"] [unique_id "ajCxxcpsKyvb75pkSvZ_jgABlWc"]
[Mon Jun 15 20:15:33.588970 2026] [security2:error] [pid 51003:tid 51137] [client 84.17.60.251:36996] ModSecurity: Access denied with code 406 (phase 1). Pattern match "/wp-includes/wlwmanifest\\\\.xml" at REQUEST_URI. [file "/opt/mod_security/hg_rules.conf"] [line "1541"] [id "900920"] [msg "wlwmanifest spam rule"] [hostname "cpcalendars.buyndrive.in"] [uri "/wp1/wp-includes/wlwmanifest.xml"] [unique_id "ajCxxcpsKyvb75pkSvZ_ngAAAZM"]
[Mon Jun 15 20:15:33.677998 2026] [security2:error] [pid 51003:tid 51222] [client 5.255.231.194:0] ModSecurity: Warning. Pattern match "301|404|302" at RESPONSE_STATUS. [file "/opt/mod_security/hg_rules.conf"] [line "1570"] [id "900934"] [msg "404 php LOGGING"] [data "302"] [hostname "demo.nxtal.com"] [uri "/ps/adminps/index.php/security/compromised"] [unique_id "ajCxxcpsKyvb75pkSvZ_ogAAAeg"]
[Mon Jun 15 20:15:33.720899 2026] [security2:error] [pid 51003:tid 51205] [client 5.255.231.194:49866] ModSecurity: Warning. Pattern match "301|404|302" at RESPONSE_STATUS. [file "/opt/mod_security/hg_rules.conf"] [line "1570"] [id "900934"] [msg "404 php LOGGING"] [data "302"] [hostname "demo.nxtal.com"] [uri "/ps/adminps/index.php/security/compromised"] [unique_id "ajCxxcpsKyvb75pkSvZ_nQAB1zg"]
[Mon Jun 15 20:15:33.893242 2026] [security2:error] [pid 51003:tid 51191] [client 84.17.60.251:37004] ModSecurity: Access denied with code 406 (phase 1). Pattern match "/wp-includes/wlwmanifest\\\\.xml" at REQUEST_URI. [file "/opt/mod_security/hg_rules.conf"] [line "1541"] [id "900920"] [msg "wlwmanifest spam rule"] [hostname "cpcalendars.buyndrive.in"] [uri "/test/wp-includes/wlwmanifest.xml"] [unique_id "ajCxxcpsKyvb75pkSvZ_rgAAAck"]
[Mon Jun 15 20:15:34.175377 2026] [security2:error] [pid 51003:tid 51214] [client 84.17.60.251:37014] ModSecurity: Access denied with code 406 (phase 1). Pattern match "/wp-includes/wlwmanifest\\\\.xml" at REQUEST_URI. [file "/opt/mod_security/hg_rules.conf"] [line "1541"] [id "900920"] [msg "wlwmanifest spam rule"] [hostname "cpcalendars.buyndrive.in"] [uri "/media/wp-includes/wlwmanifest.xml"] [unique_id "ajCxxspsKyvb75pkSvZ_uAAAAeA"]
[Mon Jun 15 20:15:34.254375 2026] [security2:error] [pid 51003:tid 51030] [remote 52.167.144.197:0] ModSecurity: Access denied with code 409 (phase 1). RBL lookup of 197.144.167.52.vulnscan.websitewelcome.com succeeded at REMOTE_ADDR. [file "/opt/mod_security/hg_rules.conf"] [line "1566"] [id "900933"] [msg "Vulnerability Scan RBL: vulnscan.websitewelcome.com"] [hostname "mywordsnthoughts.com"] [uri "/wp-admin/admin-ajax.php"] [unique_id "ajCxxspsKyvb75pkSvZ_vgABkho"], referer: https://mywordsnthoughts.com/dust-allergy-sneezing-a-few-useful-tips-to-get-rid-of-them/
[Mon Jun 15 20:15:34.259113 2026] [security2:error] [pid 51003:tid 51087] [remote 17.246.23.117:0] ModSecurity: Access denied with code 409 (phase 1). RBL lookup of 117.23.246.17.vulnscan.websitewelcome.com succeeded at REMOTE_ADDR. [file "/opt/mod_security/hg_rules.conf"] [line "1566"] [id "900933"] [msg "Vulnerability Scan RBL: vulnscan.websitewelcome.com"] [hostname "mywordsnthoughts.com"] [uri "/wp-admin/admin-ajax.php"] [unique_id "ajCxxspsKyvb75pkSvZ_uwABo1M"], referer: https://mywordsnthoughts.com/paul-sabu-is-considered-one-of-the-top-aor-musicians-of-all-time/
[Mon Jun 15 20:15:34.339221 2026] [security2:error] [pid 51003:tid 51252] [client 57.141.14.41:0] ModSecurity: Warning. Pattern match "301|404|302" at RESPONSE_STATUS. [file "/opt/mod_security/hg_rules.conf"] [line "1570"] [id "900934"] [msg "404 php LOGGING"] [data "404"] [hostname "aarohiarts.org"] [uri "/index.php"] [unique_id "ajCxxspsKyvb75pkSvZ_swAAAgY"]
[Mon Jun 15 20:15:34.421121 2026] [security2:error] [pid 51003:tid 51067] [remote 57.141.14.56:42866] ModSecurity: Warning. Pattern match "301|404|302" at RESPONSE_STATUS. [file "/opt/mod_security/hg_rules.conf"] [line "1570"] [id "900934"] [msg "404 php LOGGING"] [data "404"] [hostname "koyeldasguptanaha.com"] [uri "/index.php"] [unique_id "ajCxxspsKyvb75pkSvZ_wwABpT8"]
[Mon Jun 15 20:15:34.461864 2026] [security2:error] [pid 51003:tid 51137] [client 84.17.60.251:37016] ModSecurity: Access denied with code 406 (phase 1). Pattern match "/wp-includes/wlwmanifest\\\\.xml" at REQUEST_URI. [file "/opt/mod_security/hg_rules.conf"] [line "1541"] [id "900920"] [msg "wlwmanifest spam rule"] [hostname "cpcalendars.buyndrive.in"] [uri "/wp2/wp-includes/wlwmanifest.xml"] [unique_id "ajCxxspsKyvb75pkSvZ_ygAAAZM"]
[Mon Jun 15 20:15:34.473170 2026] [security2:error] [pid 51003:tid 51111] [remote 173.236.215.92:53390] ModSecurity: Access denied with code 409 (phase 1). RBL lookup of 92.215.236.173.testwprbl.websitewelcome.com succeeded at REMOTE_ADDR. [file "/opt/mod_security/hg_rules.conf"] [line "176"] [id "900407"] [msg "Wordpress and Joomla Brute RBL: testwprbl.websitewelcome.com"] [hostname "fifthestate.agency"] [uri "/wp-login.php"] [unique_id "ajCxxspsKyvb75pkSvZ_yQABqms"]
[Mon Jun 15 20:15:34.545119 2026] [security2:error] [pid 51003:tid 51222] [client 95.108.213.214:0] ModSecurity: Warning. Pattern match "301|404|302" at RESPONSE_STATUS. [file "/opt/mod_security/hg_rules.conf"] [line "1570"] [id "900934"] [msg "404 php LOGGING"] [data "302"] [hostname "demo.nxtal.com"] [uri "/ps/adminps/index.php/security/compromised"] [unique_id "ajCxxspsKyvb75pkSvZ_zAAAAeg"]
[Mon Jun 15 20:15:34.547931 2026] [security2:error] [pid 51003:tid 51183] [client 95.108.213.214:57018] ModSecurity: Warning. Pattern match "301|404|302" at RESPONSE_STATUS. [file "/opt/mod_security/hg_rules.conf"] [line "1570"] [id "900934"] [msg "404 php LOGGING"] [data "302"] [hostname "demo.nxtal.com"] [uri "/ps/adminps/index.php/security/compromised"] [unique_id "ajCxxspsKyvb75pkSvZ_yAABwV4"]
[Mon Jun 15 20:15:34.745227 2026] [security2:error] [pid 51003:tid 51167] [client 84.17.60.251:37026] ModSecurity: Access denied with code 406 (phase 1). Pattern match "/wp-includes/wlwmanifest\\\\.xml" at REQUEST_URI. [file "/opt/mod_security/hg_rules.conf"] [line "1541"] [id "900920"] [msg "wlwmanifest spam rule"] [hostname "cpcalendars.buyndrive.in"] [uri "/site/wp-includes/wlwmanifest.xml"] [unique_id "ajCxxspsKyvb75pkSvZ_1gAAAbE"]
[Mon Jun 15 20:15:34.842277 2026] [security2:error] [pid 51003:tid 51049] [remote 176.129.57.20:56189] ModSecurity: Access denied with code 409 (phase 1). RBL lookup of 20.57.129.176.testwprbl.websitewelcome.com succeeded at REMOTE_ADDR. [file "/opt/mod_security/hg_rules.conf"] [line "176"] [id "900407"] [msg "Wordpress and Joomla Brute RBL: testwprbl.websitewelcome.com"] [hostname "efficpro.com"] [uri "/wp-login.php"] [unique_id "ajCxxspsKyvb75pkSvZ_2AACCS0"]
[Mon Jun 15 20:15:34.995082 2026] [security2:error] [pid 51003:tid 51103] [remote 52.167.144.197:0] ModSecurity: Access denied with code 409 (phase 1). RBL lookup of 197.144.167.52.vulnscan.websitewelcome.com succeeded at REMOTE_ADDR. [file "/opt/mod_security/hg_rules.conf"] [line "1566"] [id "900933"] [msg "Vulnerability Scan RBL: vulnscan.websitewelcome.com"] [hostname "mywordsnthoughts.com"] [uri "/wp-admin/admin-ajax.php"] [unique_id "ajCxxspsKyvb75pkSvZ_5QACCmM"], referer: https://mywordsnthoughts.com/carrot-paripp-chapati-carrot-dal-chapati/
[Mon Jun 15 20:15:35.060097 2026] [security2:error] [pid 51003:tid 51108] [remote 69.57.172.207:56516] ModSecurity: Access denied with code 409 (phase 1). RBL lookup of 207.172.57.69.testwprbl.websitewelcome.com succeeded at REMOTE_ADDR. [file "/opt/mod_security/hg_rules.conf"] [line "176"] [id "900407"] [msg "Wordpress and Joomla Brute RBL: testwprbl.websitewelcome.com"] [hostname "wafflemenu.onl"] [uri "/wp-login.php"] [unique_id "ajCxx8psKyvb75pkSvZ_5wACBWg"]
[Mon Jun 15 20:15:35.073135 2026] [security2:error] [pid 51003:tid 51173] [client 95.108.213.237:0] ModSecurity: Warning. Pattern match "301|404|302" at RESPONSE_STATUS. [file "/opt/mod_security/hg_rules.conf"] [line "1570"] [id "900934"] [msg "404 php LOGGING"] [data "302"] [hostname "demo.nxtal.com"] [uri "/ps/adminps/index.php/security/compromised"] [unique_id "ajCxx8psKyvb75pkSvZ_5gAAAbc"]
[Mon Jun 15 20:15:35.085161 2026] [security2:error] [pid 51003:tid 51197] [client 95.108.213.237:45984] ModSecurity: Warning. Pattern match "301|404|302" at RESPONSE_STATUS. [file "/opt/mod_security/hg_rules.conf"] [line "1570"] [id "900934"] [msg "404 php LOGGING"] [data "302"] [hostname "demo.nxtal.com"] [uri "/ps/adminps/index.php/security/compromised"] [unique_id "ajCxxspsKyvb75pkSvZ_4AABzyI"]
[Mon Jun 15 20:15:35.086085 2026] [security2:error] [pid 51003:tid 51135] [client 84.17.60.251:37042] ModSecurity: Access denied with code 406 (phase 1). Pattern match "/wp-includes/wlwmanifest\\\\.xml" at REQUEST_URI. [file "/opt/mod_security/hg_rules.conf"] [line "1541"] [id "900920"] [msg "wlwmanifest spam rule"] [hostname "cpcalendars.buyndrive.in"] [uri "/cms/wp-includes/wlwmanifest.xml"] [unique_id "ajCxx8psKyvb75pkSvZ_6gAAAZE"]
[Mon Jun 15 20:15:35.186944 2026] [security2:error] [pid 51003:tid 51046] [remote 176.129.57.20:56189] ModSecurity: Access denied with code 409 (phase 1). RBL lookup of 20.57.129.176.testwprbl.websitewelcome.com succeeded at REMOTE_ADDR. [file "/opt/mod_security/hg_rules.conf"] [line "176"] [id "900407"] [msg "Wordpress and Joomla Brute RBL: testwprbl.websitewelcome.com"] [hostname "efficpro.com"] [uri "/wp-login.php"] [unique_id "ajCxx8psKyvb75pkSvZ_7wABuyo"], referer: https://efficpro.com/wp-login.php
[Mon Jun 15 20:15:35.379337 2026] [security2:error] [pid 51003:tid 51224] [client 84.17.60.251:37058] ModSecurity: Access denied with code 406 (phase 1). Pattern match "/wp-includes/wlwmanifest\\\\.xml" at REQUEST_URI. [file "/opt/mod_security/hg_rules.conf"] [line "1541"] [id "900920"] [msg "wlwmanifest spam rule"] [hostname "cpcalendars.buyndrive.in"] [uri "/sito/wp-includes/wlwmanifest.xml"] [unique_id "ajCxx8psKyvb75pkSvZ_-gAAAeo"]
[Mon Jun 15 20:15:35.568872 2026] [security2:error] [pid 51003:tid 51027] [remote 69.57.172.207:56516] ModSecurity: Access denied with code 409 (phase 1). RBL lookup of 207.172.57.69.testwprbl.websitewelcome.com succeeded at REMOTE_ADDR. [file "/opt/mod_security/hg_rules.conf"] [line "176"] [id "900407"] [msg "Wordpress and Joomla Brute RBL: testwprbl.websitewelcome.com"] [hostname "wafflemenu.onl"] [uri "/wp-login.php"] [unique_id "ajCxx8psKyvb75pkSvaABwACDRc"], referer: https://wafflemenu.onl/wp-login.php
[Mon Jun 15 20:15:35.613591 2026] [security2:error] [pid 51003:tid 51223] [client 95.108.213.136:0] ModSecurity: Warning. Pattern match "301|404|302" at RESPONSE_STATUS. [file "/opt/mod_security/hg_rules.conf"] [line "1570"] [id "900934"] [msg "404 php LOGGING"] [data "302"] [hostname "demo.nxtal.com"] [uri "/ps/adminps/index.php/security/compromised"] [unique_id "ajCxx8psKyvb75pkSvaACAAAAek"]
[Mon Jun 15 20:15:35.619028 2026] [security2:error] [pid 51003:tid 51196] [client 95.108.213.136:40346] ModSecurity: Warning. Pattern match "301|404|302" at RESPONSE_STATUS. [file "/opt/mod_security/hg_rules.conf"] [line "1570"] [id "900934"] [msg "404 php LOGGING"] [data "302"] [hostname "demo.nxtal.com"] [uri "/ps/adminps/index.php/security/compromised"] [unique_id "ajCxx8psKyvb75pkSvaAAwABzkg"]
[Mon Jun 15 20:15:35.633496 2026] [security2:error] [pid 51003:tid 51220] [client 2a03:2880:f806:17:::0] ModSecurity: Warning. Pattern match "301|404|302" at RESPONSE_STATUS. [file "/opt/mod_security/hg_rules.conf"] [line "1570"] [id "900934"] [msg "404 php LOGGING"] [data "404"] [hostname "ruchini.hemani.finance"] [uri "/index.php"] [unique_id "ajCxx8psKyvb75pkSvaAAAAB5jo"]
[Mon Jun 15 20:15:36.204841 2026] [security2:error] [pid 51003:tid 51166] [client 95.108.213.101:0] ModSecurity: Warning. Pattern match "301|404|302" at RESPONSE_STATUS. [file "/opt/mod_security/hg_rules.conf"] [line "1570"] [id "900934"] [msg "404 php LOGGING"] [data "302"] [hostname "demo.nxtal.com"] [uri "/ps/adminps/index.php/security/compromised"] [unique_id "ajCxyMpsKyvb75pkSvaAHgAAAbA"]
[Mon Jun 15 20:15:36.206577 2026] [security2:error] [pid 51003:tid 51178] [client 95.108.213.101:58150] ModSecurity: Warning. Pattern match "301|404|302" at RESPONSE_STATUS. [file "/opt/mod_security/hg_rules.conf"] [line "1570"] [id "900934"] [msg "404 php LOGGING"] [data "302"] [hostname "demo.nxtal.com"] [uri "/ps/adminps/index.php/security/compromised"] [unique_id "ajCxyMpsKyvb75pkSvaAHAABvA0"]
[Mon Jun 15 20:15:36.424616 2026] [security2:error] [pid 51003:tid 51256] [client 31.219.209.201:58207] ModSecurity: Access denied with code 409 (phase 1). RBL lookup of 201.209.219.31.testwprbl.websitewelcome.com succeeded at REMOTE_ADDR. [file "/opt/mod_security/hg_rules.conf"] [line "176"] [id "900407"] [msg "Wordpress and Joomla Brute RBL: testwprbl.websitewelcome.com"] [hostname "healingessence.in"] [uri "/xmlrpc.php"] [unique_id "ajCxyMpsKyvb75pkSvaAJwAAAgo"]
